{"id":882,"date":"2023-02-15T14:31:00","date_gmt":"2023-02-15T14:31:00","guid":{"rendered":"https:\/\/grad.eba.ufmg.br\/teatro\/?page_id=882"},"modified":"2026-03-25T19:14:59","modified_gmt":"2026-03-25T19:14:59","slug":"formas-de-ingresso","status":"publish","type":"page","link":"https:\/\/grad.eba.ufmg.br\/teatro\/?page_id=882","title":{"rendered":"FORMAS DE INGRESSO"},"content":{"rendered":"\n<h3 class=\"wp-block-heading\"><strong>FORMAS DE INGRESSO<\/strong><\/h3>\n\n\n\n<p>A forma de ingresso nos cursos de Teatro da UFMG ocorre, principalmente, por meio do Sistema de Sele\u00e7\u00e3o Unificada (SiSU), com oferta anual de 20 vagas para o curso de Licenciatura em Teatro e 20 vagas para o curso de Bacharelado em Teatro. Al\u00e9m disso, \u00e9 poss\u00edvel ingressar no curso por meio de Obten\u00e7\u00e3o de Novo T\u00edtulo, Transfer\u00eancia e Refugiado Pol\u00edtico.<\/p>\n\n\n\n<h3 class=\"wp-block-heading\"><strong>SiSU<\/strong><\/h3>\n\n\n\n<p>Principal forma de admiss\u00e3o aos\u00a0<a href=\"https:\/\/ufmg.br\/cursos\/graduacao\/\" target=\"_blank\" rel=\"noreferrer noopener\">cursos de gradua\u00e7\u00e3o<\/a>\u00a0da UFMG, o Sistema de Sele\u00e7\u00e3o Unificada (Sisu)\u00a0\u00e9 aberto a candidatos que tenham conclu\u00eddo o ensino m\u00e9dio ou estudos equivalentes e prestado o Exame Nacional do Ensino M\u00e9dio (Enem). Desde 2014, o concurso Vestibular, tradicionalmente feito pela UFMG, foi substitu\u00eddo, em grande parte, pelo Enem e pelo Sisu. As informa\u00e7\u00f5es sobre o processo seletivo via Sisu podem ser obtidas no site do\u00a0<a href=\"https:\/\/www.ufmg.br\/sisu\/\" target=\"_blank\" rel=\"noreferrer noopener\">Sisu UFMG<\/a>.\u00a0<\/p>\n\n\n\n<p><\/p>\n\n\n\n<p><strong>Contatos da&nbsp;Comiss\u00e3o Permanente do&nbsp;Vestibular da UFMG (Copeve)<br><\/strong>Telefones: (31) 3409-4408 \/ (31) 3409-4409<br>E-mail: executivo@copeve.ufmg.br<\/p>\n\n\n\n<p class=\"has-text-align-center\"><strong>Para mais informa\u00e7\u00f5es sobre ingresso acesse<\/strong>&nbsp;<a href=\"https:\/\/ufmg.br\/cursos\/formas-de-ingresso\/ingresso-em-graduacao\" target=\"_blank\" rel=\"noreferrer noopener\">Site da UFMG<\/a> .<\/p>\n","protected":false},"excerpt":{"rendered":"<p>FORMAS DE INGRESSO A forma de ingresso nos cursos de Teatro da UFMG ocorre, principalmente, por meio do Sistema de Sele\u00e7\u00e3o Unificada (SiSU), com oferta anual de 20 vagas para o curso de Licenciatura em Teatro e 20 vagas para o curso de Bacharelado em Teatro. Al\u00e9m disso, \u00e9 poss\u00edvel ingressar no curso por meio &hellip; <\/p>\n<p class=\"link-more\"><a href=\"https:\/\/grad.eba.ufmg.br\/teatro\/?page_id=882\" class=\"more-link\">Leia mais<span class=\"screen-reader-text\"> &#8220;FORMAS DE INGRESSO&#8221;<\/span><\/a><\/p>\n","protected":false},"author":9,"featured_media":0,"parent":0,"menu_order":0,"comment_status":"closed","ping_status":"closed","template":"","meta":{"_themeisle_gutenberg_block_has_review":false,"footnotes":""},"class_list":["post-882","page","type-page","status-publish","hentry"],"_links":{"self":[{"href":"https:\/\/grad.eba.ufmg.br\/teatro\/index.php?rest_route=\/wp\/v2\/pages\/882","targetHints":{"allow":["GET"]}}],"collection":[{"href":"https:\/\/grad.eba.ufmg.br\/teatro\/index.php?rest_route=\/wp\/v2\/pages"}],"about":[{"href":"https:\/\/grad.eba.ufmg.br\/teatro\/index.php?rest_route=\/wp\/v2\/types\/page"}],"author":[{"embeddable":true,"href":"https:\/\/grad.eba.ufmg.br\/teatro\/index.php?rest_route=\/wp\/v2\/users\/9"}],"replies":[{"embeddable":true,"href":"https:\/\/grad.eba.ufmg.br\/teatro\/index.php?rest_route=%2Fwp%2Fv2%2Fcomments&post=882"}],"version-history":[{"count":14,"href":"https:\/\/grad.eba.ufmg.br\/teatro\/index.php?rest_route=\/wp\/v2\/pages\/882\/revisions"}],"predecessor-version":[{"id":2022,"href":"https:\/\/grad.eba.ufmg.br\/teatro\/index.php?rest_route=\/wp\/v2\/pages\/882\/revisions\/2022"}],"wp:attachment":[{"href":"https:\/\/grad.eba.ufmg.br\/teatro\/index.php?rest_route=%2Fwp%2Fv2%2Fmedia&parent=882"}],"curies":[{"name":"wp","href":"https:\/\/api.w.org\/{rel}","templated":true}]}}