{"id":880,"date":"2023-02-15T14:31:00","date_gmt":"2023-02-15T14:31:00","guid":{"rendered":"https:\/\/grad.eba.ufmg.br\/teatro\/?page_id=880"},"modified":"2024-09-24T19:29:37","modified_gmt":"2024-09-24T19:29:37","slug":"ensino","status":"publish","type":"page","link":"https:\/\/grad.eba.ufmg.br\/teatro\/?page_id=880","title":{"rendered":"Ensino"},"content":{"rendered":"\n<p class=\"has-text-align-left\" style=\"font-size:clamp(16.293px, 1.018rem + ((1vw - 3.2px) * 0.771), 25px);\"><strong><em>Teatro Negros em Rede<\/em><\/strong><\/p>\n\n\n\n<p>Teatros Negros em Rede nasceu, num primeiro momento, com o nome:\u00a0<strong>PENSAR NOVAS\u00a0EPISTEMOLOGIAS PARA SE TRABALHAR COM TEATRO A PARTIR DA LEI 10.639\/2003<\/strong>.\u00a0Trata-se de\u00a0um projeto de ensino realizado por meio da Prograd (Pr\u00f3-Reitoria de Gradua\u00e7\u00e3o) da\u00a0Universidade Federal de Minas Gerais\u00a0(UFMG), atrav\u00e9s do Programa de Desenvolvimento do Ensino de Gradua\u00e7\u00e3o (PDEG). O projeto foi desenvolvido entre os anos de 2020 a 2023 e esteve vinculado \u00e0 pesquisa de mestrado profissional da atriz e educadora, Anair Patr\u00edcia.\u00a0 O objetivo do projeto constituiu em trabalhar a forma\u00e7\u00e3o de professoras\/es de teatro e artistas da cena para implementa\u00e7\u00e3o da lei 10.639\/2003, que versa sobre a obrigatoriedade do ensino de hist\u00f3rias e culturas africanas e afro-brasileiras nas institui\u00e7\u00f5es de ensino brasileiras. <\/p>\n\n\n\n<p>Atualmente, o projeto est\u00e1 sob a orienta\u00e7\u00e3o do Prof Dr Altemar Di Monteiro e com a participa\u00e7\u00e3o de duas bolsistas. A proposta surgiu da necessidade de estudantes do curso de Teatro da Escola de Belas Artes, de apresentar repert\u00f3rio, materiais e refer\u00eancias j\u00e1 produzidas na cena dos Teatros Negros de forma institucional, bem como fomentar as pr\u00e1ticas desenvolvidas pelo corpo discente do curso. O projeto tem desenvolvido, atualmente, a\u00e7\u00f5es de desenvolvimento da pesquisa em ensino de teatros negros, realizando atividades e propostas de ensino de teatro negroreferenciado.<\/p>\n\n\n\n<p>Integrantes:\u00a0Heloisa Marina (Coordenadora). Altemar Di Monteiro (orientador). Bolsistas de Ensino: Ellen Caroline e Lucy Ribeiro<\/p>\n\n\n\n<p>O resultado do projeto pode ser conferido no<br>Site:&nbsp;<a rel=\"noreferrer noopener\" target=\"_blank\" href=\"https:\/\/sites.google.com\/view\/teatrosnegrosemrede\/in%C3%ADcio?authuser=0\">https:\/\/sites.google.com\/view\/teatrosnegrosemrede\/in%C3%ADcio?authuser=0<\/a><\/p>\n","protected":false},"excerpt":{"rendered":"<p>Teatro Negros em Rede Teatros Negros em Rede nasceu, num primeiro momento, com o nome:\u00a0PENSAR NOVAS\u00a0EPISTEMOLOGIAS PARA SE TRABALHAR COM TEATRO A PARTIR DA LEI 10.639\/2003.\u00a0Trata-se de\u00a0um projeto de ensino realizado por meio da Prograd (Pr\u00f3-Reitoria de Gradua\u00e7\u00e3o) da\u00a0Universidade Federal de Minas Gerais\u00a0(UFMG), atrav\u00e9s do Programa de Desenvolvimento do Ensino de Gradua\u00e7\u00e3o (PDEG). O projeto &hellip; <\/p>\n<p class=\"link-more\"><a href=\"https:\/\/grad.eba.ufmg.br\/teatro\/?page_id=880\" class=\"more-link\">Leia mais<span class=\"screen-reader-text\"> &#8220;Ensino&#8221;<\/span><\/a><\/p>\n","protected":false},"author":9,"featured_media":0,"parent":0,"menu_order":0,"comment_status":"closed","ping_status":"closed","template":"","meta":{"_themeisle_gutenberg_block_has_review":false,"footnotes":""},"class_list":["post-880","page","type-page","status-publish","hentry"],"_links":{"self":[{"href":"https:\/\/grad.eba.ufmg.br\/teatro\/index.php?rest_route=\/wp\/v2\/pages\/880","targetHints":{"allow":["GET"]}}],"collection":[{"href":"https:\/\/grad.eba.ufmg.br\/teatro\/index.php?rest_route=\/wp\/v2\/pages"}],"about":[{"href":"https:\/\/grad.eba.ufmg.br\/teatro\/index.php?rest_route=\/wp\/v2\/types\/page"}],"author":[{"embeddable":true,"href":"https:\/\/grad.eba.ufmg.br\/teatro\/index.php?rest_route=\/wp\/v2\/users\/9"}],"replies":[{"embeddable":true,"href":"https:\/\/grad.eba.ufmg.br\/teatro\/index.php?rest_route=%2Fwp%2Fv2%2Fcomments&post=880"}],"version-history":[{"count":7,"href":"https:\/\/grad.eba.ufmg.br\/teatro\/index.php?rest_route=\/wp\/v2\/pages\/880\/revisions"}],"predecessor-version":[{"id":1877,"href":"https:\/\/grad.eba.ufmg.br\/teatro\/index.php?rest_route=\/wp\/v2\/pages\/880\/revisions\/1877"}],"wp:attachment":[{"href":"https:\/\/grad.eba.ufmg.br\/teatro\/index.php?rest_route=%2Fwp%2Fv2%2Fmedia&parent=880"}],"curies":[{"name":"wp","href":"https:\/\/api.w.org\/{rel}","templated":true}]}}