{"id":655,"date":"2018-05-18T19:48:53","date_gmt":"2018-05-18T19:48:53","guid":{"rendered":"https:\/\/grad.eba.ufmg.br\/teatro\/?page_id=655"},"modified":"2023-03-14T12:19:10","modified_gmt":"2023-03-14T12:19:10","slug":"plano-de-estudos-2","status":"publish","type":"page","link":"https:\/\/grad.eba.ufmg.br\/teatro\/?page_id=655","title":{"rendered":"Plano de Estudos"},"content":{"rendered":"<h3>O QUE \u00c9 O PLANO DE ESTUDOS?<\/h3>\n<p>O plano de estudos \u00e9 um sistema online que visa a apoiar o planejamento e o acompanhamento da trajet\u00f3ria acad\u00eamica do aluno na UFMG. Ele reflete a vers\u00e3o e o percurso curricular de vincula\u00e7\u00e3o do aluno e \u00e9 organizado em semestres<strong> cursados<\/strong>,<strong> em curso<\/strong> e<strong> a cursar<\/strong>:<\/p>\n<ul>\n<li>\u00a0Nos semestres \u201ca cursar\u201d o aluno poder\u00e1 planejar as atividades que deseja cursar;<\/li>\n<li>Nos semestres \u201ccursados\u201d o aluno poder\u00e1 visualizar os resultados obtidos;<\/li>\n<li>No semestre \u201cem curso\u201d \u00e9 poss\u00edvel visualizar as matr\u00edculas atuais.<\/li>\n<\/ul>\n<h3><strong>POR QUE REFORMULAR?<\/strong><\/h3>\n<p>Porque a universidade usar\u00e1 as informa\u00e7\u00f5es dos Planos de Estudos para prever melhor a demanda de vagas para as turmas das atividades acad\u00eamicas, visando a otimizar o processo de matr\u00edculas.<\/p>\n<p style=\"text-align: left;\"><strong>Para mais informa\u00e7\u00f5es sobre Plano de Estudos acesse o documento abaixo:<\/strong><\/p>\n\n\n<div class=\"wp-block-file\"><a id=\"wp-block-file--media-ecf0cf50-7966-4a53-a00f-3349f6b8089e\" href=\"https:\/\/grad.eba.ufmg.br\/teatro\/wp-content\/uploads\/2023\/02\/Plano-de-Estudos.pdf\">Plano de Estudos<\/a><a href=\"https:\/\/grad.eba.ufmg.br\/teatro\/wp-content\/uploads\/2023\/02\/Plano-de-Estudos.pdf\" class=\"wp-block-file__button wp-element-button\" download aria-describedby=\"wp-block-file--media-ecf0cf50-7966-4a53-a00f-3349f6b8089e\">Baixar<\/a><\/div>\n","protected":false},"excerpt":{"rendered":"<p>O QUE \u00c9 O PLANO DE ESTUDOS? O plano de estudos \u00e9 um sistema online que visa a apoiar o planejamento e o acompanhamento da trajet\u00f3ria acad\u00eamica do aluno na UFMG. Ele reflete a vers\u00e3o e o percurso curricular de vincula\u00e7\u00e3o do aluno e \u00e9 organizado em semestres cursados, em curso e a cursar: \u00a0Nos &hellip; <\/p>\n<p class=\"link-more\"><a href=\"https:\/\/grad.eba.ufmg.br\/teatro\/?page_id=655\" class=\"more-link\">Leia mais<span class=\"screen-reader-text\"> &#8220;Plano de Estudos&#8221;<\/span><\/a><\/p>\n","protected":false},"author":6,"featured_media":0,"parent":0,"menu_order":0,"comment_status":"open","ping_status":"open","template":"","meta":{"_themeisle_gutenberg_block_has_review":false,"footnotes":""},"class_list":["post-655","page","type-page","status-publish","hentry"],"_links":{"self":[{"href":"https:\/\/grad.eba.ufmg.br\/teatro\/index.php?rest_route=\/wp\/v2\/pages\/655","targetHints":{"allow":["GET"]}}],"collection":[{"href":"https:\/\/grad.eba.ufmg.br\/teatro\/index.php?rest_route=\/wp\/v2\/pages"}],"about":[{"href":"https:\/\/grad.eba.ufmg.br\/teatro\/index.php?rest_route=\/wp\/v2\/types\/page"}],"author":[{"embeddable":true,"href":"https:\/\/grad.eba.ufmg.br\/teatro\/index.php?rest_route=\/wp\/v2\/users\/6"}],"replies":[{"embeddable":true,"href":"https:\/\/grad.eba.ufmg.br\/teatro\/index.php?rest_route=%2Fwp%2Fv2%2Fcomments&post=655"}],"version-history":[{"count":10,"href":"https:\/\/grad.eba.ufmg.br\/teatro\/index.php?rest_route=\/wp\/v2\/pages\/655\/revisions"}],"predecessor-version":[{"id":1373,"href":"https:\/\/grad.eba.ufmg.br\/teatro\/index.php?rest_route=\/wp\/v2\/pages\/655\/revisions\/1373"}],"wp:attachment":[{"href":"https:\/\/grad.eba.ufmg.br\/teatro\/index.php?rest_route=%2Fwp%2Fv2%2Fmedia&parent=655"}],"curies":[{"name":"wp","href":"https:\/\/api.w.org\/{rel}","templated":true}]}}