{"id":607,"date":"2018-05-18T19:41:08","date_gmt":"2018-05-18T19:41:08","guid":{"rendered":"https:\/\/grad.eba.ufmg.br\/teatro\/?page_id=607"},"modified":"2023-05-17T12:19:35","modified_gmt":"2023-05-17T12:19:35","slug":"extensao","status":"publish","type":"page","link":"https:\/\/grad.eba.ufmg.br\/teatro\/?page_id=607","title":{"rendered":"Extens\u00e3o"},"content":{"rendered":"\n<p class=\"has-medium-font-size\"><em><strong>Serelepe briquedorias sonoras e c\u00eanicas<\/strong> &#8211; Coordena\u00e7\u00e3o: Professor Eug\u00eanio Tadeu<\/em><\/p>\n\n\n\n<p>Projeto de extens\u00e3o, pesquisa e ensino que teve in\u00edcio em 2005 com o programa de r\u00e1dio &#8220;Serelepe: uma pitada de m\u00fasica infantil&#8221;. Os programas de r\u00e1dio eram elaborados pela equipe do projeto e por estudantes de v\u00e1rios cursos da UFMG e veiculados pela R\u00e1dio UFMG Educativa. Al\u00e9m do programa de r\u00e1dio, o projeto abarcou: as disciplinas na gradua\u00e7\u00e3o em Teatro &#8220;Programa de r\u00e1dio Serelepe&#8221; e &#8220;Jogos tradicionais no teatro&#8221; e tamb\u00e9m propiciou a cria\u00e7\u00e3o do grupo c\u00eanico musical &#8220;Serelepe&#8221;. O projeto terminou em setembro de 2021.<\/p>\n\n\n\n<p><em>Integrantes que iniciaram a proposta: <\/em>Cris Lima, Gabriel Murilo, Reginaldo Santos e com os trabalhos t\u00e9cnicos, no est\u00fadio da r\u00e1dio UFMG, de Cl\u00e1udio Zaz\u00e1. Coordena\u00e7\u00e3o: Eug\u00eanio Tadeu<\/p>\n\n\n\n<p><em>Links de acesso:<\/em>&nbsp;<a rel=\"noreferrer noopener\" href=\"http:\/\/www.programaserelepe.blogspot.com\/\" target=\"_blank\">www.programaserelepe.blogspot.com<\/a><\/p>\n\n\n\n<p class=\"has-medium-font-size\"><em><strong>Teatre:&nbsp;processo criativo em Artes C\u00eanicas &#8211; projeto de extens\u00e3o com foco em pessoas trans, travestis<\/strong> &#8211; Coordena\u00e7\u00e3o: Professor Ricardo Carvalho<\/em><\/p>\n\n\n\n<p>O projeto conta com tr\u00eas m\u00f3dulos, (1) eu, (2) outre, (3) espa\u00e7o e tem&nbsp;como professoras, duas bolsistas travestis do curso de gradua\u00e7\u00e3o em Teatro da EBA\/UFMG. Al\u00e9m de discutirmos pol\u00edtica-social-culturalmente a invisibilidade de pessoas trans, travestis e transformistas na produ\u00e7\u00e3o acad\u00eamica, a proposta vem tensionar o espa\u00e7o da arte na acad\u00eamica, ao romper com uma est\u00e9tica com tra\u00e7os coloniais, heterossexual, machista e branco, propondo oficina de cria\u00e7\u00e3o teatral a partir de uma est\u00e9tica n\u00e3o-cisheteronormativa.&nbsp;<\/p>\n\n\n\n<p><em>Links de acesso:<\/em> <a href=\"https:\/\/www.instagram.com\/teatreprocessoscriativos\/\">https:\/\/www.instagram.com\/teatreprocessoscriativos\/<\/a><\/p>\n\n\n\n<p class=\"has-medium-font-size\"><em><strong>LACE &#8211; Laborat\u00f3rio de Aprendizagem C\u00eanica<\/strong> &#8211; Coordena\u00e7\u00e3o: Professor Ricardo Carvalho<\/em><\/p>\n\n\n\n<p>O Laborat\u00f3rio de Aprendizagem C\u00eanica surge da necessidade de investigar a aprendizagem da doc\u00eancia em teatro junto de licenciandos participantes de projetos de ensino e extens\u00e3o, assim como em n\u00edvel de P\u00f3s-Gradua\u00e7\u00e3o (mestrado e doutorado), em projetos voltados para o ensino de teatro na escola e na comunidade. Nesse sentido, debru\u00e7ar sobre os modos de aprendizagem do teatro no interior de comunidades de pr\u00e1tica \u00e9 expandir as fronteiras existentes entre o teatro realizado por grupos e o teatro ensinado na escola ou fora dela, visando que as pr\u00e1ticas realizadas ora em um campo ora noutro possam ser entendidas como sendo parte de um \u00fanico campo que tem o teatro (cria\u00e7\u00e3o\/aprendizagem) como l\u00f3cus de saber.<\/p>\n\n\n\n<p><em>Links de acesso:<\/em> <a rel=\"noreferrer noopener\" href=\"http:\/\/dgp.cnpq.br\/dgp\/espelhogrupo\/322347\" target=\"_blank\">http:\/\/dgp.cnpq.br\/dgp\/espelhogrupo\/322347<\/a><\/p>\n\n\n\n<p class=\"has-medium-font-size\"><em><strong>Arte em Conex\u00e3o<\/strong> &#8211; Coordena\u00e7\u00e3o: Professora Mariana<\/em><\/p>\n\n\n\n<p><img fetchpriority=\"high\" decoding=\"async\" width=\"412\" height=\"213\" src=\"https:\/\/mail.google.com\/mail\/u\/0?ui=2&amp;ik=87a26e57a9&amp;attid=0.1&amp;permmsgid=msg-f:1759828100174545556&amp;th=186c2a5548a78294&amp;view=fimg&amp;fur=ip&amp;sz=s0-l75-ft&amp;attbid=ANGjdJ-3Ht5iBUAqXaAHfY_bhisCQgRFwjULiUsHl8sOrQNIGn9i9K4nPUR8qcdm6pcn0GJAXLTDmnWd7d1isqX2n81_FLM_am0Ezhuubv44mX2WDu2C78u98jF_PZ4&amp;disp=emb&amp;realattid=ii_leslnvhm0\" alt=\"Imagem Arte em Conex\u00e3o.png\"><br>Sua trajet\u00f3ria teve in\u00edcio em 2016, com a escrita do livro did\u00e1tico Arte de Perto aprovado pelo Plano Nacional do Livro Did\u00e1tico \u2013 PNLD 2018 para o Ensino M\u00e9dio. Desde ent\u00e3o, dedica-se \u00e0 cria\u00e7\u00e3o e escrita de cole\u00e7\u00f5es para o Fundamental I, Fundamental II e Ensino M\u00e9dio, publicados por editoras de refer\u00eancia na \u00e1rea.escolar brasileiro.&nbsp;Em 2022, iniciamos a produ\u00e7\u00e3o de obras teatrais com a estreia do Macbeth 22 que fez temporada na FUNARTE MG, participou do Festival de Ver\u00e3o da UFMG e do Festival Mulheres em Cena da Pierrot Lunar<\/p>\n\n\n\n<p><em>Links de acesso:<\/em> <a rel=\"noreferrer noopener\" href=\"http:\/\/www.arteemconexao.com.br\/\" target=\"_blank\">www.arteemconexao.com.br<\/a><\/p>\n\n\n\n<p class=\"has-medium-font-size\"><strong><em>Programa Mirante<\/em><\/strong> (C E N E X \/ F A L\u00a0E\u00a0\/ U\u00a0F\u00a0M\u00a0G) &#8211;<em> Coordena\u00e7\u00e3o: Professora Elen de Medeiros<\/em><\/p>\n\n\n\n<p>O programa busca fomentar a frui\u00e7\u00e3o das artes c\u00eanicas, por meio de a\u00e7\u00f5es que visam \u00e0 amplia\u00e7\u00e3o, diversifica\u00e7\u00e3o e qualifica\u00e7\u00e3o do p\u00fablico dessa \u00e1rea. Centrado em formar novas plateias e valorizar o ato do espectador, o Mirante realiza atividades de media\u00e7\u00e3o teatral e recep\u00e7\u00e3o cr\u00edtica.<\/p>\n\n\n\n<p><em>Integrantes 2023:<\/em> Elen de Medeiros (Coordenadora).&nbsp;Tereza Virg\u00ednia Ribeiro Barbosa: (professora do curso Recep\u00e7\u00e3o Teatral e Estudos do Espet\u00e1culo). Heloisa Marina (colaboradora). Bolsistas de extens\u00e3o: Raquel Chamon e Guilherme Luz.<\/p>\n\n\n\n<p><em>Links de acesso:<\/em>\u00a0<a rel=\"noreferrer noopener\" href=\"https:\/\/programamirante.wixsite.com\/site\" target=\"_blank\">https:\/\/programamirante.wixsite.com\/site<\/a> e\u00a0<a rel=\"noreferrer noopener\" href=\"https:\/\/www.instagram.com\/mirante.programa\/\" target=\"_blank\">https:\/\/www.instagram.com\/mirante.programa\/<\/a><\/p>\n\n\n\n<p class=\"has-medium-font-size\"><strong><em>Dan\u00e7a para Ouvir e Pensar<\/em><\/strong> &#8211; <em>Coordena\u00e7\u00e3o: Arnaldo de Alvarenga<\/em><\/p>\n\n\n\n<p>\u201cDan\u00e7a para ouvir e pensar\u201d \u00e9 um programa de R\u00e1dio veiculado desde 2014. Com o apoio da R\u00e1dio UFMG Educativa 104,5 FM, o Colegiado do curso de Gradua\u00e7\u00e3o Licenciatura em Dan\u00e7a da Escola de Belas Artes da UFMG abra\u00e7ou a proposta a partir de um projeto orientado pelo professor Dr. Arnaldo Leite de Alvarenga. Tem o objetivo de propor aos ouvintes de r\u00e1dio elementos cr\u00edticos acerca da arte da dan\u00e7a. Pautando assuntos variados e artistas com abordagens diversas, al\u00e9m de formar&nbsp;p\u00fablico, trata a Dan\u00e7a como \u00e1rea do conhecimento acad\u00eamico, realizando tradu\u00e7\u00f5es entre Universidade, o campo da dan\u00e7a art\u00edstica e a comunica\u00e7\u00e3o social.<\/p>\n","protected":false},"excerpt":{"rendered":"<p>Serelepe briquedorias sonoras e c\u00eanicas &#8211; Coordena\u00e7\u00e3o: Professor Eug\u00eanio Tadeu Projeto de extens\u00e3o, pesquisa e ensino que teve in\u00edcio em 2005 com o programa de r\u00e1dio &#8220;Serelepe: uma pitada de m\u00fasica infantil&#8221;. Os programas de r\u00e1dio eram elaborados pela equipe do projeto e por estudantes de v\u00e1rios cursos da UFMG e veiculados pela R\u00e1dio UFMG &hellip; <\/p>\n<p class=\"link-more\"><a href=\"https:\/\/grad.eba.ufmg.br\/teatro\/?page_id=607\" class=\"more-link\">Leia mais<span class=\"screen-reader-text\"> &#8220;Extens\u00e3o&#8221;<\/span><\/a><\/p>\n","protected":false},"author":6,"featured_media":0,"parent":0,"menu_order":0,"comment_status":"open","ping_status":"open","template":"","meta":{"_themeisle_gutenberg_block_has_review":false,"footnotes":""},"class_list":["post-607","page","type-page","status-publish","hentry"],"_links":{"self":[{"href":"https:\/\/grad.eba.ufmg.br\/teatro\/index.php?rest_route=\/wp\/v2\/pages\/607","targetHints":{"allow":["GET"]}}],"collection":[{"href":"https:\/\/grad.eba.ufmg.br\/teatro\/index.php?rest_route=\/wp\/v2\/pages"}],"about":[{"href":"https:\/\/grad.eba.ufmg.br\/teatro\/index.php?rest_route=\/wp\/v2\/types\/page"}],"author":[{"embeddable":true,"href":"https:\/\/grad.eba.ufmg.br\/teatro\/index.php?rest_route=\/wp\/v2\/users\/6"}],"replies":[{"embeddable":true,"href":"https:\/\/grad.eba.ufmg.br\/teatro\/index.php?rest_route=%2Fwp%2Fv2%2Fcomments&post=607"}],"version-history":[{"count":14,"href":"https:\/\/grad.eba.ufmg.br\/teatro\/index.php?rest_route=\/wp\/v2\/pages\/607\/revisions"}],"predecessor-version":[{"id":1631,"href":"https:\/\/grad.eba.ufmg.br\/teatro\/index.php?rest_route=\/wp\/v2\/pages\/607\/revisions\/1631"}],"wp:attachment":[{"href":"https:\/\/grad.eba.ufmg.br\/teatro\/index.php?rest_route=%2Fwp%2Fv2%2Fmedia&parent=607"}],"curies":[{"name":"wp","href":"https:\/\/api.w.org\/{rel}","templated":true}]}}