{"id":1403,"date":"2023-03-20T11:59:06","date_gmt":"2023-03-20T11:59:06","guid":{"rendered":"https:\/\/grad.eba.ufmg.br\/teatro\/?page_id=1403"},"modified":"2023-03-20T11:59:39","modified_gmt":"2023-03-20T11:59:39","slug":"emissao-de-carteira-estudantil","status":"publish","type":"page","link":"https:\/\/grad.eba.ufmg.br\/teatro\/?page_id=1403","title":{"rendered":"Emiss\u00e3o de carteira estudantil"},"content":{"rendered":"\n<p><strong>Orienta\u00e7\u00f5es para a emiss\u00e3o das carteiras de acesso aos espa\u00e7os f\u00edsicos da UFMG:<\/strong><\/p>\n\n\n\n<p>A solicita\u00e7\u00e3o deve ser enviada por &nbsp;e-mail para<strong>&nbsp;<a rel=\"noreferrer noopener\" href=\"mailto:cracha@pra.ufmg.br\" target=\"_blank\">cracha@pra.ufmg.br<\/a>,&nbsp;<\/strong>com os seguintes dados:<\/p>\n\n\n\n<p><strong>Aluno:<\/strong><\/p>\n\n\n\n<ul class=\"wp-block-list\">\n<li>Nome completo, CPF, n\u00famero de registro UFMG.<\/li>\n\n\n\n<li>Pr\u00e9dio\/Unidade<\/li>\n\n\n\n<li>Foto &nbsp;3\u00d74 em formato jpg ou png (sem bon\u00e9 ou quaisquer acess\u00f3rios que cubram parte do rosto e com fundo claro);<\/li>\n\n\n\n<li>C\u00f3pia do documento de identifica\u00e7\u00e3o;<\/li>\n\n\n\n<li>Selfie portando o documento de identifica\u00e7\u00e3o.<\/li>\n<\/ul>\n\n\n\n<p><strong>Servidor\/Professor:<\/strong><\/p>\n\n\n\n<ul class=\"wp-block-list\">\n<li>Nome completo, CPF, n\u00famero de inscri\u00e7\u00e3o UFMG (n\u00e3o \u00e9 o SIAPE e n\u00e3o consta no contracheque);<\/li>\n\n\n\n<li>Setor\/Unidade;<\/li>\n\n\n\n<li>Foto &nbsp;3\u00d74 em formato jpg ou png ( sem bon\u00e9 ou quaisquer acess\u00f3rios que cubram parte do rosto e com fundo claro);<\/li>\n\n\n\n<li>C\u00f3pia do documento de identifica\u00e7\u00e3o;<\/li>\n\n\n\n<li>Selfie portando o documento de identifica\u00e7\u00e3o.<\/li>\n<\/ul>\n\n\n\n<p><strong>Terceirizado\/Funda\u00e7\u00e3o:<\/strong><\/p>\n\n\n\n<ul class=\"wp-block-list\">\n<li>Nome completo, CPF, data de nascimento, in\u00edcio do contrato e nome da empresa.<\/li>\n\n\n\n<li>Pr\u00e9dio\/Unidade<\/li>\n\n\n\n<li>c\u00f3pia do \u00faltimo contracheque;<\/li>\n\n\n\n<li>Foto &nbsp;3\u00d74 em formato jpg ou png ( sem bon\u00e9 ou quaisquer acess\u00f3rios que cubram parte do rosto e com fundo claro);<\/li>\n\n\n\n<li>C\u00f3pia do documento de identifica\u00e7\u00e3o;<\/li>\n\n\n\n<li>Selfie portando o documento de identifica\u00e7\u00e3o.<\/li>\n<\/ul>\n","protected":false},"excerpt":{"rendered":"<p>Orienta\u00e7\u00f5es para a emiss\u00e3o das carteiras de acesso aos espa\u00e7os f\u00edsicos da UFMG: A solicita\u00e7\u00e3o deve ser enviada por &nbsp;e-mail para&nbsp;cracha@pra.ufmg.br,&nbsp;com os seguintes dados: Aluno: Servidor\/Professor: Terceirizado\/Funda\u00e7\u00e3o:<\/p>\n","protected":false},"author":9,"featured_media":0,"parent":0,"menu_order":0,"comment_status":"closed","ping_status":"closed","template":"","meta":{"_themeisle_gutenberg_block_has_review":false,"footnotes":""},"class_list":["post-1403","page","type-page","status-publish","hentry"],"_links":{"self":[{"href":"https:\/\/grad.eba.ufmg.br\/teatro\/index.php?rest_route=\/wp\/v2\/pages\/1403","targetHints":{"allow":["GET"]}}],"collection":[{"href":"https:\/\/grad.eba.ufmg.br\/teatro\/index.php?rest_route=\/wp\/v2\/pages"}],"about":[{"href":"https:\/\/grad.eba.ufmg.br\/teatro\/index.php?rest_route=\/wp\/v2\/types\/page"}],"author":[{"embeddable":true,"href":"https:\/\/grad.eba.ufmg.br\/teatro\/index.php?rest_route=\/wp\/v2\/users\/9"}],"replies":[{"embeddable":true,"href":"https:\/\/grad.eba.ufmg.br\/teatro\/index.php?rest_route=%2Fwp%2Fv2%2Fcomments&post=1403"}],"version-history":[{"count":2,"href":"https:\/\/grad.eba.ufmg.br\/teatro\/index.php?rest_route=\/wp\/v2\/pages\/1403\/revisions"}],"predecessor-version":[{"id":1407,"href":"https:\/\/grad.eba.ufmg.br\/teatro\/index.php?rest_route=\/wp\/v2\/pages\/1403\/revisions\/1407"}],"wp:attachment":[{"href":"https:\/\/grad.eba.ufmg.br\/teatro\/index.php?rest_route=%2Fwp%2Fv2%2Fmedia&parent=1403"}],"curies":[{"name":"wp","href":"https:\/\/api.w.org\/{rel}","templated":true}]}}