{"id":541,"date":"2021-02-03T20:48:25","date_gmt":"2021-02-03T23:48:25","guid":{"rendered":"https:\/\/grad.eba.ufmg.br\/conservacao\/?page_id=541"},"modified":"2025-12-23T14:36:38","modified_gmt":"2025-12-23T17:36:38","slug":"instituicoes-de-ensino","status":"publish","type":"page","link":"https:\/\/grad.eba.ufmg.br\/conservacao\/?page_id=541","title":{"rendered":"Institui\u00e7\u00f5es de ensino"},"content":{"rendered":"<h2><b>Institui\u00e7\u00f5es de Ensino Nacionais<\/b><\/h2>\n<p>&nbsp;<\/p>\n<p>&nbsp;<\/p>\n<h4>\u00a0 \u00a0 \u00a0 \u00a0 \u00a0Curso t\u00e9cnico<\/h4>\n<p>&nbsp;<\/p>\n<ul>\n<li><span style=\"font-weight: 400;\">FAOP &#8211; Funda\u00e7\u00e3o de Arte de Ouro Preto &#8211; MG<br \/>\n<\/span><a title=\"FAOP\" href=\"http:\/\/www.faop.mg.gov.br\/\" target=\"_blank\">Curso T\u00e9cnico em Conserva\u00e7\u00e3o e Restauro<\/a><\/li>\n<\/ul>\n<p>&nbsp;<\/p>\n<h4>\u00a0 \u00a0 \u00a0 \u00a0 \u00a0 Gradua\u00e7\u00e3o<\/h4>\n<p>&nbsp;<\/p>\n<ul>\n<li>IFMG &#8211; Instituto Federal de Minas Gerais &#8211; MG<br \/>\n<a title=\"IFMG\" href=\"http:\/\/www2.ouropreto.ifmg.edu.br\/ensino\/graduacao\/cursos\/tecnologia-em-conservacao-e-restauro\" target=\"_blank\">Tecn\u00f3logo em Conserva\u00e7\u00e3o e Restauro<br \/>\n<\/a><\/li>\n<\/ul>\n<ul>\n<li>UFPA &#8211; Universidade Federal do Par\u00e1 &#8211; PA<br \/>\n<span style=\"font-weight: 400;\"><span style=\"font-weight: 400;\"><span style=\"font-weight: 400;\"><a title=\"UFPA\" href=\"http:\/\/www.itec.ufpa.br\/index.php\/faculdade-de-conservacao-e-restauro#:~:text=Combinando%20conhecimentos%20cient%C3%ADficos%20das%20humanidades,forma%C3%A7%C3%A3o%20avan%C3%A7ada%20com%20abordagem%20interdisciplinar.\" target=\"_blank\">Gradua\u00e7\u00e3o em Conserva\u00e7\u00e3o e Restauro<\/a><\/span><\/span><\/span><\/li>\n<\/ul>\n<ul>\n<li><span style=\"font-weight: 400;\">UFPel &#8211; Universidade Federal de Pelotas &#8211; RS<br \/>\n<\/span><span style=\"font-weight: 400;\"><span style=\"font-weight: 400;\"><span style=\"font-weight: 400;\"><span style=\"font-weight: 400;\"><span style=\"font-weight: 400;\"><a title=\"UFPel\" href=\"http:\/\/www.eba.ufrj.br\/\" target=\"_blank\">Gradua\u00e7\u00e3o em Conserva\u00e7\u00e3o e restaura\u00e7\u00e3o de bens culturais m\u00f3veis<\/a><\/span><\/span><\/span><\/span><\/span><\/li>\n<\/ul>\n<ul>\n<li><span style=\"font-weight: 400;\"><span style=\"font-weight: 400;\"><span style=\"font-weight: 400;\">UFRJ &#8211; Universidade Federal do Rio de Janeiro &#8211; RJ<a title=\"UFPel\" href=\"http:\/\/www.eba.ufrj.br\/\" target=\"_blank\"><br \/>\n<\/a><a href=\"http:\/\/www.eba.ufrj.br\/\" target=\"_blank\"><span style=\"font-weight: 400;\">Gradua\u00e7\u00e3o em Conserva\u00e7\u00e3o e Restaura\u00e7\u00e3o<\/span><\/a><\/span><\/span><\/span><\/li>\n<\/ul>\n<p>&nbsp;<\/p>\n<p>&nbsp;<\/p>\n<h4>\u00a0 \u00a0 \u00a0 \u00a0 P\u00f3s-gradua\u00e7\u00e3o<\/h4>\n<p>&nbsp;<\/p>\n<ul>\n<li>UFMG &#8211; Universidade Federal de Minas Gerais &#8211; MG<br \/>\n<a title=\"UFMG p\u00f3s\" href=\"https:\/\/eba.ufmg.br\/pos\/\" target=\"_blank\">Mestrado em Artes &#8211; Linha de Pesquisa de Preserva\u00e7\u00e3o do Patrim\u00f4nio Cultural<\/a><\/li>\n<\/ul>\n<ul>\n<li>FIOCRUZ &#8211; Funda\u00e7\u00e3o Oswaldo Cruz &#8211; RJ<br \/>\n<a title=\"FIOCRUZ\" href=\"http:\/\/www.coc.fiocruz.br\/index.php\/pt\/educacao\/mestrado-profissional-em-preservacao-e-gestao-do-patrimonio-cultural-das-ciencias-e-da-saude\" target=\"_blank\">Mestrado Profissional em Preserva\u00e7\u00e3o e Gest\u00e3o do Patrim\u00f4nio Cultural das Ci\u00eancias e da Sa\u00fade<\/a><\/li>\n<\/ul>\n<ul>\n<li><span style=\"font-weight: 400;\">IPHAN &#8211; Instituto do Patrim\u00f4nio Hist\u00f3rico Art\u00edstico Nacional &#8211; DF<br \/>\n<\/span><a title=\"IPHAN\" href=\"http:\/\/portal.iphan.gov.br\/pep\" target=\"_blank\">Mestrado Profissional em Patrim\u00f4nio Cultural<\/a><\/li>\n<\/ul>\n<ul>\n<li>MAST &#8211; Museu de Astronomia e Ci\u00eancias Afins &#8211; RJ<br \/>\n<a title=\"MAST\" href=\"http:\/\/site.mast.br\/ppact\/index.html\" target=\"_blank\">Mestrado Profissional em Preserva\u00e7\u00e3o de Acervos de Ci\u00eancia e Tecnologia<\/a><\/li>\n<\/ul>\n<ul>\n<li><span style=\"font-weight: 400;\">UFBA &#8211; Universidade Federal da Bahia &#8211; BA<br \/>\n<\/span><span style=\"font-weight: 400;\"><a title=\"UFBA\" href=\"https:\/\/cecre.ufba.br\/pt-br\" target=\"_blank\">Mestrado Profissional em Conserva\u00e7\u00e3o e Restaura\u00e7\u00e3o de Monumentos e N\u00facleos Hist\u00f3ricos<\/a><\/span><\/li>\n<\/ul>\n<ul>\n<li>UFMG &#8211; Universidade Federal de Minas Gerais &#8211; MG<br \/>\n<a title=\"UFMG p\u00f3s\" href=\"https:\/\/sites.arq.ufmg.br\/pos\/ambienteconstruido\/\" target=\"_blank\">Mestrado e Doutorado em Artes &#8211; Linha de Pesquisa de Preserva\u00e7\u00e3o do Patrim\u00f4nio Cultural<\/a><\/li>\n<\/ul>\n<ul>\n<li>UFPA &#8211; Universidade Federal do Par\u00e1 &#8211; PA<br \/>\n<span style=\"font-weight: 400;\"><a title=\"UFPA\" href=\"http:\/\/www.itec.ufpa.br\/index.php\/faculdade-de-conservacao-e-restauro#:~:text=Combinando%20conhecimentos%20cient%C3%ADficos%20das%20humanidades,forma%C3%A7%C3%A3o%20avan%C3%A7ada%20com%20abordagem%20interdisciplinar.\" target=\"_blank\">Gradua\u00e7\u00e3o em Conserva\u00e7\u00e3o e Restauro\u00a0<\/a><\/span><\/li>\n<\/ul>\n<ul>\n<li><span style=\"font-weight: 400;\">UFPel &#8211; Universidade Federal de Pelotas &#8211; RS<br \/>\n<\/span><span style=\"font-weight: 400;\"><span style=\"font-weight: 400;\"><a title=\"UFPel\" href=\"http:\/\/www.eba.ufrj.br\/\" target=\"_blank\">Gradua\u00e7\u00e3o em Conserva\u00e7\u00e3o e restaura\u00e7\u00e3o de bens culturais m\u00f3veis<\/a><\/span><\/span>&nbsp;<\/li>\n<li>UFRJ &#8211; Universidade Federal do Rio de Janeiro &#8211; RJ<br \/>\n<a href=\"http:\/\/www.eba.ufrj.br\/\" target=\"_blank\"><span style=\"font-weight: 400;\">Gradua\u00e7\u00e3o em Conserva\u00e7\u00e3o e Restaura\u00e7\u00e3o\u00a0<\/span><\/a><\/li>\n<\/ul>\n<h3><\/h3>\n<p>&nbsp;<\/p>\n<h2>\u00a0<strong>Institui\u00e7\u00f5es de ensino fora do Pa\u00eds<\/strong><\/h2>\n<p>&nbsp;<\/p>\n<ul>\n<li><a title=\"CoOL\" href=\"https:\/\/cool.culturalheritage.org\/bytopic\/education\/\" target=\"_blank\">Lista de Oportunidades educacionais em Conserva\u00e7\u00e3o\/Preserva\u00e7\u00e3o<\/a><a href=\"https:\/\/cool.culturalheritage.org\/bytopic\/education\/\" target=\"_blank\"><br \/>\n<\/a>CoOL &#8211; Conservation Online (em ingl\u00eas)<\/li>\n<\/ul>\n<ul>\n<li><a title=\"ENCORE\" href=\"http:\/\/www.encore-edu.org\/\" target=\"_blank\">ENCORE<\/a><br \/>\n<span class=\"SiteTitle\"><span class=\"SiteTitle\">European Network for Conservation-Restoration Education<\/span><\/span>&nbsp;<\/li>\n<\/ul>\n<ul>\n<li><a title=\"ARP\" href=\"https:\/\/arp.org.pt\/formacao\/\" target=\"_blank\">Institui\u00e7\u00f5es portuguesas<br \/>\n<\/a>Lista da\u00a0\u00a0Associa\u00e7\u00e3o Profissional de Conservadores-Restauradores de Portugal (ARP)<\/li>\n<\/ul>\n<ul>\n<li><a title=\"opficio delle pietredure\" href=\"http:\/\/www.opificiodellepietredure.it\/\" target=\"_blank\">Opficio delle pietredure<\/a> (It\u00e1lia)<\/li>\n<\/ul>\n<ul>\n<li><a title=\"the courtauld\" href=\"https:\/\/courtauld.ac.uk\/\" target=\"_blank\">The Courtauld\u00a0<\/a>(Reino Unido)<\/li>\n<\/ul>\n<p>&nbsp;<\/p>\n","protected":false},"excerpt":{"rendered":"<p>Institui\u00e7\u00f5es de Ensino Nacionais &nbsp; &nbsp; \u00a0 \u00a0 \u00a0 \u00a0 \u00a0Curso t\u00e9cnico &nbsp; FAOP &#8211; Funda\u00e7\u00e3o de Arte de Ouro Preto &#8211; MG Curso T\u00e9cnico em Conserva\u00e7\u00e3o e Restauro &nbsp; \u00a0 \u00a0 \u00a0 \u00a0 \u00a0 Gradua\u00e7\u00e3o &nbsp; IFMG &#8211; Instituto Federal de Minas Gerais &#8211; MG Tecn\u00f3logo em Conserva\u00e7\u00e3o e Restauro UFPA &#8211; Universidade Federal&hellip;&nbsp;<a href=\"https:\/\/grad.eba.ufmg.br\/conservacao\/?page_id=541\" rel=\"bookmark\"><span class=\"screen-reader-text\">Institui\u00e7\u00f5es de ensino<\/span><\/a><\/p>\n","protected":false},"author":1,"featured_media":0,"parent":0,"menu_order":0,"comment_status":"closed","ping_status":"closed","template":"","meta":{"neve_meta_sidebar":"","neve_meta_container":"","neve_meta_enable_content_width":"","neve_meta_content_width":0,"neve_meta_title_alignment":"","neve_meta_author_avatar":"","neve_post_elements_order":"","neve_meta_disable_header":"","neve_meta_disable_footer":"","neve_meta_disable_title":"","_themeisle_gutenberg_block_has_review":false,"footnotes":""},"class_list":["post-541","page","type-page","status-publish","hentry"],"_links":{"self":[{"href":"https:\/\/grad.eba.ufmg.br\/conservacao\/index.php?rest_route=\/wp\/v2\/pages\/541","targetHints":{"allow":["GET"]}}],"collection":[{"href":"https:\/\/grad.eba.ufmg.br\/conservacao\/index.php?rest_route=\/wp\/v2\/pages"}],"about":[{"href":"https:\/\/grad.eba.ufmg.br\/conservacao\/index.php?rest_route=\/wp\/v2\/types\/page"}],"author":[{"embeddable":true,"href":"https:\/\/grad.eba.ufmg.br\/conservacao\/index.php?rest_route=\/wp\/v2\/users\/1"}],"replies":[{"embeddable":true,"href":"https:\/\/grad.eba.ufmg.br\/conservacao\/index.php?rest_route=%2Fwp%2Fv2%2Fcomments&post=541"}],"version-history":[{"count":23,"href":"https:\/\/grad.eba.ufmg.br\/conservacao\/index.php?rest_route=\/wp\/v2\/pages\/541\/revisions"}],"predecessor-version":[{"id":717,"href":"https:\/\/grad.eba.ufmg.br\/conservacao\/index.php?rest_route=\/wp\/v2\/pages\/541\/revisions\/717"}],"wp:attachment":[{"href":"https:\/\/grad.eba.ufmg.br\/conservacao\/index.php?rest_route=%2Fwp%2Fv2%2Fmedia&parent=541"}],"curies":[{"name":"wp","href":"https:\/\/api.w.org\/{rel}","templated":true}]}}