{"id":333,"date":"2015-08-27T03:00:00","date_gmt":"2015-08-27T03:00:00","guid":{"rendered":"https:\/\/grad.eba.ufmg.br\/conservacao\/?page_id=333"},"modified":"2026-01-26T16:46:16","modified_gmt":"2026-01-26T19:46:16","slug":"333-2","status":"publish","type":"page","link":"https:\/\/grad.eba.ufmg.br\/conservacao\/?page_id=333","title":{"rendered":"LAPA"},"content":{"rendered":"\t\t<div data-elementor-type=\"wp-page\" data-elementor-id=\"333\" class=\"elementor elementor-333\">\n\t\t\t\t<div class=\"elementor-element elementor-element-3bddcda4 e-flex e-con-boxed e-con e-parent\" data-id=\"3bddcda4\" data-element_type=\"container\" data-settings=\"{&quot;background_background&quot;:&quot;classic&quot;}\">\n\t\t\t\t\t<div class=\"e-con-inner\">\n\t\t\t\t<div class=\"elementor-element elementor-element-6aaa8f3e elementor-widget elementor-widget-heading\" data-id=\"6aaa8f3e\" data-element_type=\"widget\" data-widget_type=\"heading.default\">\n\t\t\t\t\t<h2 class=\"elementor-heading-title elementor-size-default\">LAPA<\/h2>\t\t\t\t<\/div>\n\t\t\t\t\t<\/div>\n\t\t\t\t<\/div>\n\t\t<div class=\"elementor-element elementor-element-61ddf511 e-flex e-con-boxed e-con e-parent\" data-id=\"61ddf511\" data-element_type=\"container\">\n\t\t\t\t\t<div class=\"e-con-inner\">\n\t\t\t\t<div class=\"elementor-element elementor-element-6778e5af elementor-widget elementor-widget-heading\" data-id=\"6778e5af\" data-element_type=\"widget\" data-widget_type=\"heading.default\">\n\t\t\t\t\t<h1 class=\"elementor-heading-title elementor-size-default\"><span style=\"font-weight: normal\">LABORAT\u00d3RIO DE ARQUEOMETRIA<\/span><\/h1>\t\t\t\t<\/div>\n\t\t\t\t<div class=\"elementor-element elementor-element-2f68bed2 elementor-widget elementor-widget-text-editor\" data-id=\"2f68bed2\" data-element_type=\"widget\" data-widget_type=\"text-editor.default\">\n\t\t\t\t\t\t\t\t\t<p style=\"text-align: center;\"><span lang=\"pt-BR\">LOCALIZA\u00c7\u00c3O: Museu de Hist\u00f3ria Natural e Jardim Bot\u00e2nico<\/span><\/p><p style=\"text-align: center;\"><span lang=\"pt-BR\">COORDENADOR: Profa. Yacy-Ara Froner<\/span><\/p><p style=\"text-align: center;\"><span lang=\"pt-BR\">DOCENTES: Prof. Luiz Ant\u00f4nio Cruz Souza, Prof. Willi de Barros Gon\u00e7alves, Prof. Alexandre Le\u00e3o.<\/span><\/p><p style=\"text-align: center;\"><span lang=\"pt-BR\">MONITORES: 2 monitores de gradua\u00e7\u00e3o e Bolsistas de p\u00f3s-gradua\u00e7\u00e3o vinculados aos projetos do laborat\u00f3rio.<\/span><\/p>\t\t\t\t\t\t\t\t<\/div>\n\t\t\t\t<div class=\"elementor-element elementor-element-33aaf10a elementor-widget elementor-widget-heading\" data-id=\"33aaf10a\" data-element_type=\"widget\" data-widget_type=\"heading.default\">\n\t\t\t\t\t<h1 class=\"elementor-heading-title elementor-size-default\"><span style=\"font-weight: 400\">Grupos de Pesquisa CNPq<\/span><\/h1>\t\t\t\t<\/div>\n\t\t\t\t<div class=\"elementor-element elementor-element-6921559e elementor-widget elementor-widget-text-editor\" data-id=\"6921559e\" data-element_type=\"widget\" data-widget_type=\"text-editor.default\">\n\t\t\t\t\t\t\t\t\t<p style=\"text-align: center;\" align=\"justify\"><span lang=\"pt-BR\">ARCHE \u2013 Arte, Conserva\u00e7\u00e3o e Hist\u00f3ria<\/span><\/p>\t\t\t\t\t\t\t\t<\/div>\n\t\t\t\t<div class=\"elementor-element elementor-element-c8b58a4 elementor-widget elementor-widget-heading\" data-id=\"c8b58a4\" data-element_type=\"widget\" data-widget_type=\"heading.default\">\n\t\t\t\t\t<h1 class=\"elementor-heading-title elementor-size-default\"><span style=\"font-weight: 400\">Objetivo<\/span><\/h1>\t\t\t\t<\/div>\n\t\t\t\t<div class=\"elementor-element elementor-element-e8bc7d6 elementor-widget elementor-widget-text-editor\" data-id=\"e8bc7d6\" data-element_type=\"widget\" data-widget_type=\"text-editor.default\">\n\t\t\t\t\t\t\t\t\t<p style=\"text-align: center;\" align=\"justify\"><span lang=\"pt-BR\">Desenvolver, apoiar e divulgar atividades de pesquisa, ensino e extens\u00e3o do Curso de Conserva\u00e7\u00e3o-Restaura\u00e7\u00e3o de Bens Culturais M\u00f3veis e do Centro de Conserva\u00e7\u00e3o do Museu de Hist\u00f3ria Natural da UFMG, na \u00e1rea de conserva\u00e7\u00e3o de acervos arqueol\u00f3gicos. Desta forma, intenciona:<br \/><\/span><\/p><div style=\"text-align: center;\"><span style=\"text-align: center;\"><br \/>Desenvolver a\u00e7\u00f5es integradas, desde procedimento de campo e de laborat\u00f3rio at\u00e9 o desenvolvimento de propostas de sistemas de organiza\u00e7\u00e3o em \u00e1reas de Reserva T\u00e9cnica do MHNJB-UFMG.<br \/><\/span><span style=\"text-align: center;\"><br \/>Sistematizar metodologias de an\u00e1lises e de arqueometria relacionadas a esta tipologia de acervo, al\u00e9m de desenvolver protocolos de interven\u00e7\u00e3o \u2013 em campo e em laborat\u00f3rio \u2013 das cole\u00e7\u00f5es.<br \/><\/span><span style=\"text-align: center;\"><br \/>Orientar-se pela forma\u00e7\u00e3o de alunos em seus distintos n\u00edveis \u2013 gradua\u00e7\u00e3o e p\u00f3s-gradua\u00e7\u00e3o \u2013 na \u00e1rea de preserva\u00e7\u00e3o de acervos arqueol\u00f3gicos por meio de sua integra\u00e7\u00e3o em projetos de pesquisa e de extens\u00e3o.<\/span><\/div><h4 style=\"text-align: center;\">\u00a0<\/h4>\t\t\t\t\t\t\t\t<\/div>\n\t\t\t\t<div class=\"elementor-element elementor-element-1ae420eb elementor-widget elementor-widget-heading\" data-id=\"1ae420eb\" data-element_type=\"widget\" data-widget_type=\"heading.default\">\n\t\t\t\t\t<h1 class=\"elementor-heading-title elementor-size-default\"><span style=\"font-weight: 400\">Ensino<\/span><\/h1>\t\t\t\t<\/div>\n\t\t\t\t<div class=\"elementor-element elementor-element-4f138e75 elementor-widget elementor-widget-text-editor\" data-id=\"4f138e75\" data-element_type=\"widget\" data-widget_type=\"text-editor.default\">\n\t\t\t\t\t\t\t\t\t<p style=\"text-align: center;\" align=\"justify\"><span lang=\"pt-BR\">No \u00e2mbito de suas atividades de ensino, o LAPA acolher\u00e1 disciplinas pr\u00e1ticas e te\u00f3ricas da \u00e1rea de Conserva\u00e7\u00e3o-Restaura\u00e7\u00e3o de Arqueologia, integrando docentes, discentes e monitores, al\u00e9m de atender, igualmente, \u00e0 demanda do Programa de P\u00f3s-Gradua\u00e7\u00e3o. <\/span><\/p><p style=\"text-align: center;\" align=\"justify\"><span lang=\"pt-BR\">N\u00e3o h\u00e1 ofertas de disciplinas espec\u00edficas, apenas de eventuais T\u00f3picos Especiais ofertados nos distintos n\u00edveis.<\/span><\/p><p style=\"text-align: center;\" align=\"justify\"><span lang=\"pt-BR\">Entendemos ainda que o est\u00edmulo \u00e0 implanta\u00e7\u00e3o de curr\u00edculos fundados em atividades acad\u00eamicas de cunho multidisciplinar permite a aproxima\u00e7\u00e3o de estudantes vinculados \u00e0s \u00e1reas e cursos distintos. Postula-se, assim, um modelo de flexibiliza\u00e7\u00e3o curricular racional, no uso dos recursos humanos dispon\u00edveis, capaz de possibilitar um atendimento academicamente sempre mais qualificado e quantitativamente mais extensivo.<\/span><\/p>\t\t\t\t\t\t\t\t<\/div>\n\t\t\t\t<div class=\"elementor-element elementor-element-1693242b elementor-widget elementor-widget-heading\" data-id=\"1693242b\" data-element_type=\"widget\" data-widget_type=\"heading.default\">\n\t\t\t\t\t<h1 class=\"elementor-heading-title elementor-size-default\"><span style=\"font-weight: 400\">Pesquisa<\/span><\/h1>\t\t\t\t<\/div>\n\t\t\t\t<div class=\"elementor-element elementor-element-129c68e9 elementor-widget elementor-widget-text-editor\" data-id=\"129c68e9\" data-element_type=\"widget\" data-widget_type=\"text-editor.default\">\n\t\t\t\t\t\t\t\t\t<p style=\"text-align: center;\" align=\"justify\"><span lang=\"pt-BR\">A preserva\u00e7\u00e3o de acervos arqueol\u00f3gicos demanda uma a\u00e7\u00e3o integrada entre pesquisadores de diversas \u00e1reas. Nesse campo, a interdisciplinaridade promove a excel\u00eancia em todos os n\u00edveis, tanto no estudo do artefato e sua contextualiza\u00e7\u00e3o cultural \u2013 extraindo dele, portanto, as informa\u00e7\u00f5es necess\u00e1rias \u00e0 sua compreens\u00e3o \u2013, quanto em rela\u00e7\u00e3o \u00e0 sua integridade f\u00edsica \u2013 a partir de interven\u00e7\u00f5es de conserva\u00e7\u00e3o e restaura\u00e7\u00e3o. <\/span><\/p><p style=\"text-align: center;\" align=\"justify\"><span lang=\"pt-BR\">Com a introdu\u00e7\u00e3o de uma metodologia cient\u00edfica oriunda de outros campos de conhecimento, os avan\u00e7os t\u00e9cnicos e os protocolos de preserva\u00e7\u00e3o de acervos cient\u00edficos tornam-se cada vez mais determinantes para manuten\u00e7\u00e3o da qualidade das pesquisas. Nesse sentido, do planejamento \u00e0 coleta; do processamento ao estudo laboratorial; da armazenagem \u00e0 exposi\u00e7\u00e3o, o campo da conserva\u00e7\u00e3o tamb\u00e9m se torna cada vez mais especializado.<\/span><\/p><p style=\"text-align: center;\" align=\"justify\"><span lang=\"pt-BR\">Partindo desses princ\u00edpios, o Lapa demanda bases metodol\u00f3gicas que sustentem as a\u00e7\u00f5es relacionadas \u00e0 conserva\u00e7\u00e3o; parte da premissa que \u00e9 indispens\u00e1vel uma pesquisa em torno de publica\u00e7\u00f5es que discutam as bases cient\u00edficas para a preserva\u00e7\u00e3o de acervos arqueol\u00f3gicos, bem como estudos espec\u00edficos relacionados aos procedimentos em campo, durante e ap\u00f3s o processamento, al\u00e9m dos crit\u00e9rios de armazenamento e exposi\u00e7\u00e3o.<\/span><\/p>\t\t\t\t\t\t\t\t<\/div>\n\t\t\t\t<div class=\"elementor-element elementor-element-7bc2c79 elementor-widget elementor-widget-heading\" data-id=\"7bc2c79\" data-element_type=\"widget\" data-widget_type=\"heading.default\">\n\t\t\t\t\t<h1 class=\"elementor-heading-title elementor-size-default\"><span style=\"font-weight: 400\">Extens\u00e3o<\/span><\/h1>\t\t\t\t<\/div>\n\t\t\t\t<div class=\"elementor-element elementor-element-6dd76b3b elementor-widget elementor-widget-text-editor\" data-id=\"6dd76b3b\" data-element_type=\"widget\" data-widget_type=\"text-editor.default\">\n\t\t\t\t\t\t\t\t\t<p style=\"text-align: center;\" align=\"justify\"><span lang=\"pt-BR\">O Centro Especializado em Arqueologia Pr\u00e9-Hist\u00f3rica do MHNJB desenvolve atividades ligadas ao estudo da tecnologia pr\u00e9-hist\u00f3rica, da arte rupestre brasileira. Tamb\u00e9m realiza interven\u00e7\u00f5es arqueol\u00f3gicas de car\u00e1ter regional \u2013 escava\u00e7\u00f5es orientadas por quest\u00f5es acad\u00eamicas, ou opera\u00e7\u00f5es de salvamento. Ap\u00f3s o trabalho de campo, o material coletado vai para os laborat\u00f3rios do MHNJB, onde \u00e9 estudado de acordo com as quatro principais \u00e1reas de atua\u00e7\u00e3o do setor: tecnologia l\u00edtica, tecnologia cer\u00e2mica, arte rupestre e an\u00e1lise de vest\u00edgios org\u00e2nicos. <\/span><\/p><p style=\"text-align: center;\" align=\"justify\"><span lang=\"pt-BR\">O Centro Especializado de Conserva\u00e7\u00e3o e Restaura\u00e7\u00e3o de Acervos, por meio do LAPA, prop\u00f5e uma parceria entre os dois centros, capacitando os alunos de ambas as \u00e1reas, Arqueologia e Conserva\u00e7\u00e3o, por meio de inicia\u00e7\u00e3o cient\u00edfica, atividades de extens\u00e3o, monitorias, est\u00e1gios e participa\u00e7\u00e3o de projetos de pesquisa voltados \u00e0 preserva\u00e7\u00e3o de acervos. <\/span><\/p><p style=\"text-align: center;\" align=\"justify\"><span lang=\"pt-BR\">A capacidade de aplicar o repert\u00f3rio conceitual, a metodologia espec\u00edfica e os recursos humanos formados pela pesquisa universit\u00e1ria em um contexto museol\u00f3gico possibilitam uma percep\u00e7\u00e3o ampliada de um projeto de pesquisa voltado \u00e0 extens\u00e3o, confirmando o papel social da UFMG e demarcando sua atua\u00e7\u00e3o no \u00e2mbito da preserva\u00e7\u00e3o de acervos p\u00fablicos no contexto de Minas Gerais.<\/span><\/p>\t\t\t\t\t\t\t\t<\/div>\n\t\t\t\t\t<\/div>\n\t\t\t\t<\/div>\n\t\t\t\t<\/div>\n\t\t","protected":false},"excerpt":{"rendered":"<p>LAPA LABORAT\u00d3RIO DE ARQUEOMETRIA LOCALIZA\u00c7\u00c3O: Museu de Hist\u00f3ria Natural e Jardim Bot\u00e2nico COORDENADOR: Profa. Yacy-Ara Froner DOCENTES: Prof. Luiz Ant\u00f4nio Cruz Souza, Prof. Willi de Barros Gon\u00e7alves, Prof. Alexandre Le\u00e3o. MONITORES: 2 monitores de gradua\u00e7\u00e3o e Bolsistas de p\u00f3s-gradua\u00e7\u00e3o vinculados aos projetos do laborat\u00f3rio. Grupos de Pesquisa CNPq ARCHE \u2013 Arte, Conserva\u00e7\u00e3o e Hist\u00f3ria Objetivo&hellip;&nbsp;<a href=\"https:\/\/grad.eba.ufmg.br\/conservacao\/?page_id=333\" rel=\"bookmark\"><span class=\"screen-reader-text\">LAPA<\/span><\/a><\/p>\n","protected":false},"author":1,"featured_media":0,"parent":0,"menu_order":0,"comment_status":"closed","ping_status":"open","template":"","meta":{"neve_meta_sidebar":"","neve_meta_container":"","neve_meta_enable_content_width":"","neve_meta_content_width":0,"neve_meta_title_alignment":"","neve_meta_author_avatar":"","neve_post_elements_order":"","neve_meta_disable_header":"","neve_meta_disable_footer":"","neve_meta_disable_title":"","_themeisle_gutenberg_block_has_review":false,"footnotes":""},"class_list":["post-333","page","type-page","status-publish","hentry"],"_links":{"self":[{"href":"https:\/\/grad.eba.ufmg.br\/conservacao\/index.php?rest_route=\/wp\/v2\/pages\/333","targetHints":{"allow":["GET"]}}],"collection":[{"href":"https:\/\/grad.eba.ufmg.br\/conservacao\/index.php?rest_route=\/wp\/v2\/pages"}],"about":[{"href":"https:\/\/grad.eba.ufmg.br\/conservacao\/index.php?rest_route=\/wp\/v2\/types\/page"}],"author":[{"embeddable":true,"href":"https:\/\/grad.eba.ufmg.br\/conservacao\/index.php?rest_route=\/wp\/v2\/users\/1"}],"replies":[{"embeddable":true,"href":"https:\/\/grad.eba.ufmg.br\/conservacao\/index.php?rest_route=%2Fwp%2Fv2%2Fcomments&post=333"}],"version-history":[{"count":15,"href":"https:\/\/grad.eba.ufmg.br\/conservacao\/index.php?rest_route=\/wp\/v2\/pages\/333\/revisions"}],"predecessor-version":[{"id":2604,"href":"https:\/\/grad.eba.ufmg.br\/conservacao\/index.php?rest_route=\/wp\/v2\/pages\/333\/revisions\/2604"}],"wp:attachment":[{"href":"https:\/\/grad.eba.ufmg.br\/conservacao\/index.php?rest_route=%2Fwp%2Fv2%2Fmedia&parent=333"}],"curies":[{"name":"wp","href":"https:\/\/api.w.org\/{rel}","templated":true}]}}