{"id":215,"date":"2015-08-26T01:24:20","date_gmt":"2015-08-26T01:24:20","guid":{"rendered":"https:\/\/grad.eba.ufmg.br\/conservacao\/?page_id=215"},"modified":"2026-01-26T16:22:16","modified_gmt":"2026-01-26T19:22:16","slug":"apresentacao","status":"publish","type":"page","link":"https:\/\/grad.eba.ufmg.br\/conservacao\/?page_id=215","title":{"rendered":"Apresenta\u00e7\u00e3o"},"content":{"rendered":"\t\t<div data-elementor-type=\"wp-page\" data-elementor-id=\"215\" class=\"elementor elementor-215\">\n\t\t\t\t<div class=\"elementor-element elementor-element-590330e e-flex e-con-boxed e-con e-parent\" data-id=\"590330e\" data-element_type=\"container\" data-settings=\"{&quot;background_background&quot;:&quot;classic&quot;}\">\n\t\t\t\t\t<div class=\"e-con-inner\">\n\t\t\t\t<div class=\"elementor-element elementor-element-37e16fc elementor-widget elementor-widget-heading\" data-id=\"37e16fc\" data-element_type=\"widget\" data-widget_type=\"heading.default\">\n\t\t\t\t\t<h2 class=\"elementor-heading-title elementor-size-default\">Apresenta\u00e7\u00e3o<\/h2>\t\t\t\t<\/div>\n\t\t\t\t\t<\/div>\n\t\t\t\t<\/div>\n\t\t<div class=\"elementor-element elementor-element-11d13b6b e-flex e-con-boxed e-con e-parent\" data-id=\"11d13b6b\" data-element_type=\"container\">\n\t\t\t\t\t<div class=\"e-con-inner\">\n\t\t\t\t<div class=\"elementor-element elementor-element-5dbc1c30 elementor-widget elementor-widget-text-editor\" data-id=\"5dbc1c30\" data-element_type=\"widget\" data-widget_type=\"text-editor.default\">\n\t\t\t\t\t\t\t\t\t<p>Primeiro do g\u00eanero no Brasil, o bacharelado em Conserva\u00e7\u00e3o-Restaura\u00e7\u00e3o de Bens Culturais M\u00f3veis, criado em 2008 por meio do Programa de Apoio a Planos de Reestrutura\u00e7\u00e3o e Expans\u00e3o das Universidades Federais (<a href=\"http:\/\/reuni.mec.gov.br\/o-que-e-o-reuni\" target=\"_blank\" rel=\"noopener\">Reuni<\/a>)\u00b9, que teve como principal objetivo ampliar o acesso e a perman\u00eancia na educa\u00e7\u00e3o superior, nosso curso tem por objetivo preparar profissionais para atuarem na conserva\u00e7\u00e3o-restaura\u00e7\u00e3o de bens culturais m\u00f3veis, orientando e capacitando os alunos, no n\u00edvel pr\u00e1tico e te\u00f3rico, para identificar, analisar, discutir e intervir no \u00e2mbito de diferentes categorias, tais como: conserva\u00e7\u00e3o preventiva, pintura, documentos gr\u00e1ficos e f\u00edlmicos, objetos tridimensionais (escultura, mobili\u00e1rio, objetos hist\u00f3ricos, objetos arqueol\u00f3gicos) e t\u00eaxteis.<\/p><p style=\"text-align: justify;\">\u00c9 importante ressaltar que a gradua\u00e7\u00e3o surgiu a partir da experi\u00eancia pioneira no ensino e na pesquisa em conserva\u00e7\u00e3o-restaura\u00e7\u00e3o, com a cria\u00e7\u00e3o, em 1978, do Curso de Especializa\u00e7\u00e3o em Conserva\u00e7\u00e3o e Restaura\u00e7\u00e3o de Bens Culturais M\u00f3veis, desenvolvido na esfera do CECOR \u2013 Centro de Conserva\u00e7\u00e3o e Restaura\u00e7\u00e3o de Bens Culturais \u2013, \u00f3rg\u00e3o complementar da Escola de Belas Artes da UFMG, constitu\u00eddo para apoiar e desenvolver ensino, extens\u00e3o e pesquisa na \u00e1rea de conserva\u00e7\u00e3o e restaura\u00e7\u00e3o de obras art\u00edsticas e culturais.<\/p><p style=\"text-align: justify;\">Fiel \u00e0 voca\u00e7\u00e3o multidisciplinar e poliss\u00eamica pr\u00f3pria da \u00e1rea de conserva\u00e7\u00e3o-restaura\u00e7\u00e3o, o curso \u00e9 fundado na interdisciplinaridade. Da maneira como foi concebido, oferece ao aluno autonomia para definir o seu percurso de forma\u00e7\u00e3o, possibilitando a integraliza\u00e7\u00e3o curricular de diferentes atividades acad\u00eamicas. Desta forma, oferecemos condi\u00e7\u00f5es de acesso simult\u00e2neo ao conhecimento, \u00e0s habilidades espec\u00edficas e \u00e0s experi\u00eancias formativas.<\/p><p style=\"text-align: justify;\">O curr\u00edculo proposto abrange v\u00e1rias \u00e1reas do conhecimento \u2013 das ci\u00eancias exatas \u00e0s humanidades \u2013 consideradas imprescind\u00edveis para a forma\u00e7\u00e3o do conservador-restaurador de obras de valor cultural, hist\u00f3rico, cient\u00edfico e art\u00edstico. O tempo m\u00ednimo para integraliza\u00e7\u00e3o \u00e9 de 8 per\u00edodos e o m\u00e1ximo de 14 per\u00edodos letivos, contabilizando 2565 horas\/aula (171 cr\u00e9ditos), sendo 1260h\/a compostas por disciplinas obrigat\u00f3rias, 1215h\/a por disciplinas optativas e 90h\/a por disciplinas de forma\u00e7\u00e3o livre.<\/p><p style=\"text-align: justify;\">\u00b9 Dispon\u00edvel em: <a href=\"http:\/\/reuni.mec.gov.br\/o-que-e-o-reuni\" target=\"_blank\" rel=\"noopener\">http:\/\/reuni.mec.gov.br\/o-que-e-o-reuni<\/a><\/p>\t\t\t\t\t\t\t\t<\/div>\n\t\t\t\t\t<\/div>\n\t\t\t\t<\/div>\n\t\t\t\t<\/div>\n\t\t","protected":false},"excerpt":{"rendered":"<p>Apresenta\u00e7\u00e3o Primeiro do g\u00eanero no Brasil, o bacharelado em Conserva\u00e7\u00e3o-Restaura\u00e7\u00e3o de Bens Culturais M\u00f3veis, criado em 2008 por meio do Programa de Apoio a Planos de Reestrutura\u00e7\u00e3o e Expans\u00e3o das Universidades Federais (Reuni)\u00b9, que teve como principal objetivo ampliar o acesso e a perman\u00eancia na educa\u00e7\u00e3o superior, nosso curso tem por objetivo preparar profissionais para&hellip;&nbsp;<a href=\"https:\/\/grad.eba.ufmg.br\/conservacao\/?page_id=215\" rel=\"bookmark\"><span class=\"screen-reader-text\">Apresenta\u00e7\u00e3o<\/span><\/a><\/p>\n","protected":false},"author":1,"featured_media":0,"parent":0,"menu_order":0,"comment_status":"closed","ping_status":"open","template":"","meta":{"neve_meta_sidebar":"","neve_meta_container":"full-width","neve_meta_enable_content_width":"","neve_meta_content_width":0,"neve_meta_title_alignment":"","neve_meta_author_avatar":"","neve_post_elements_order":"","neve_meta_disable_header":"","neve_meta_disable_footer":"","neve_meta_disable_title":"on","_themeisle_gutenberg_block_has_review":false,"footnotes":""},"class_list":["post-215","page","type-page","status-publish","hentry"],"_links":{"self":[{"href":"https:\/\/grad.eba.ufmg.br\/conservacao\/index.php?rest_route=\/wp\/v2\/pages\/215","targetHints":{"allow":["GET"]}}],"collection":[{"href":"https:\/\/grad.eba.ufmg.br\/conservacao\/index.php?rest_route=\/wp\/v2\/pages"}],"about":[{"href":"https:\/\/grad.eba.ufmg.br\/conservacao\/index.php?rest_route=\/wp\/v2\/types\/page"}],"author":[{"embeddable":true,"href":"https:\/\/grad.eba.ufmg.br\/conservacao\/index.php?rest_route=\/wp\/v2\/users\/1"}],"replies":[{"embeddable":true,"href":"https:\/\/grad.eba.ufmg.br\/conservacao\/index.php?rest_route=%2Fwp%2Fv2%2Fcomments&post=215"}],"version-history":[{"count":37,"href":"https:\/\/grad.eba.ufmg.br\/conservacao\/index.php?rest_route=\/wp\/v2\/pages\/215\/revisions"}],"predecessor-version":[{"id":2563,"href":"https:\/\/grad.eba.ufmg.br\/conservacao\/index.php?rest_route=\/wp\/v2\/pages\/215\/revisions\/2563"}],"wp:attachment":[{"href":"https:\/\/grad.eba.ufmg.br\/conservacao\/index.php?rest_route=%2Fwp%2Fv2%2Fmedia&parent=215"}],"curies":[{"name":"wp","href":"https:\/\/api.w.org\/{rel}","templated":true}]}}