{"id":7532,"date":"2026-04-22T09:03:23","date_gmt":"2026-04-22T12:03:23","guid":{"rendered":"https:\/\/grad.eba.ufmg.br\/caad\/?page_id=7532"},"modified":"2026-04-22T09:04:41","modified_gmt":"2026-04-22T12:04:41","slug":"atendimento-terapeutica","status":"publish","type":"page","link":"https:\/\/grad.eba.ufmg.br\/caad\/index.php\/atendimento-terapeutica\/","title":{"rendered":"Atendimento Terap\u00eautico"},"content":{"rendered":"\n<p>A Consulta Terap\u00eautica \u00e9 uma modalidade de atendimento cl\u00ednico breve, acolhedor e de car\u00e1ter emergencial. Trata-se de um espa\u00e7o de escuta imediata, sem necessidade de agendamento pr\u00e9vio, destinado a acolher o sofrimento subjetivo no momento em que ele se apresenta.<\/p>\n\n\n\n<p>Diferente de um processo psicoterap\u00eautico de longa dura\u00e7\u00e3o, o plant\u00e3o se estrutura como um encontro \u00fanico (ou, no m\u00e1ximo, em 3 encontros), com foco na necessidade imediata da pessoa atendida, seja ela uma crise emocional, um conflito pessoal, uma dificuldade acad\u00eamica ou uma demanda de orienta\u00e7\u00e3o e apoio.<\/p>\n\n\n\n<p>Como funcionar\u00e1 o atendimento?<\/p>\n\n\n\n<p><strong>Custo: totalmente gratuito<\/strong><\/p>\n\n\n\n<p>D\u00favidas e informa\u00e7\u00f5es: <strong>consultasterapeuticasufmg@gmail.com<\/strong><\/p>\n\n\n\n<p><strong>Faculdade de Direito\/UFMG<\/strong> &#8211; Na sala 512 (localizada no pr\u00e9dio da p\u00f3s);<\/p>\n\n\n\n<p><strong>Faculdade de Arquitetura\/UFMG<\/strong> &#8211; Na sala 108 (localizada ap\u00f3s a portaria): Quintas-feiras: 17h \u00e0s 19h;<\/p>\n\n\n\n<p><strong>ICEX (Instituto de Ci\u00eancias Exatas)\/ UFMG <\/strong>&#8211; Na \u2060Sala 4043 (corredor dos gabinetes): ter\u00e7as-feiras e quartas-feiras, das 17h \u00e0s 20h \/ Na Sala 4043: quintas-feiras das 9h \u00e0s 12h, e 18h \u00e0s 21h;<\/p>\n\n\n\n<p><strong>VETERIN\u00c1RIA\/UFMG<\/strong> &#8211; Sextas-feiras, de 08h \u00e0s 11h &#8211; Sala PRO NAVE \/ Comiss\u00e3o de Bem com a Vida;<\/p>\n\n\n\n<p><strong>EEFFTO\/UFMG<\/strong> &#8211; Na Sala 2006 &#8211; quartas-feiras de 17h \u00e0s 19h \/ Na Sala de Reuni\u00f5es Bloco A (sala 3018) &#8211; segundas-feiras de 8h \u00e0s 11h,  quartas-feiras de 17h \u00e0s 20h;<\/p>\n\n\n\n<p><strong>EBA (Escola de Belas Artes)\/UFMG<\/strong> &#8211; No 2\u00ba andar &#8211; Quartas-feiras de 17h \u00e0s 19h;<\/p>\n\n\n\n<p><strong>FAFICH (CEAP)\/UFMG<\/strong> &#8211; Na sala 2022 &#8211; Quartas-feiras de 8h \u00e0s 11h<\/p>\n\n\n\n<p>Este projeto reafirma o compromisso da UFMG em promover um espa\u00e7o de escuta emp\u00e1tica, \u00e9tica e sigilosa, em que cada pessoa possa ser reconhecida em sua singularidade. Mais do que um servi\u00e7o cl\u00ednico, trata-se de uma a\u00e7\u00e3o de cuidado e responsabilidade social, que busca fortalecer v\u00ednculos e oferecer suporte \u00e0queles que vivenciam os desafios cotidianos da vida acad\u00eamica e profissional.<\/p>\n\n\n\n<p><\/p>\n\n\n\n<p><\/p>\n","protected":false},"excerpt":{"rendered":"<p>A Consulta Terap\u00eautica \u00e9 uma modalidade de atendimento cl\u00ednico breve, acolhedor e de car\u00e1ter emergencial. Trata-se de um espa\u00e7o de escuta imediata, sem necessidade de [&#8230;]<\/p>\n","protected":false},"author":1,"featured_media":0,"parent":0,"menu_order":0,"comment_status":"closed","ping_status":"closed","template":"","meta":{"footnotes":""},"class_list":["post-7532","page","type-page","status-publish","hentry"],"_links":{"self":[{"href":"https:\/\/grad.eba.ufmg.br\/caad\/index.php\/wp-json\/wp\/v2\/pages\/7532","targetHints":{"allow":["GET"]}}],"collection":[{"href":"https:\/\/grad.eba.ufmg.br\/caad\/index.php\/wp-json\/wp\/v2\/pages"}],"about":[{"href":"https:\/\/grad.eba.ufmg.br\/caad\/index.php\/wp-json\/wp\/v2\/types\/page"}],"author":[{"embeddable":true,"href":"https:\/\/grad.eba.ufmg.br\/caad\/index.php\/wp-json\/wp\/v2\/users\/1"}],"replies":[{"embeddable":true,"href":"https:\/\/grad.eba.ufmg.br\/caad\/index.php\/wp-json\/wp\/v2\/comments?post=7532"}],"version-history":[{"count":2,"href":"https:\/\/grad.eba.ufmg.br\/caad\/index.php\/wp-json\/wp\/v2\/pages\/7532\/revisions"}],"predecessor-version":[{"id":7535,"href":"https:\/\/grad.eba.ufmg.br\/caad\/index.php\/wp-json\/wp\/v2\/pages\/7532\/revisions\/7535"}],"wp:attachment":[{"href":"https:\/\/grad.eba.ufmg.br\/caad\/index.php\/wp-json\/wp\/v2\/media?parent=7532"}],"curies":[{"name":"wp","href":"https:\/\/api.w.org\/{rel}","templated":true}]}}

Atendimento Terapêutico

<p>A Consulta Terapêutica é uma modalidade de atendimento clínico breve, acolhedor e de caráter emergencial. Trata-se de um espaço de escuta imediata, sem necessidade de agendamento prévio, destinado a acolher o sofrimento subjetivo no momento em que ele se apresenta.</p>



<p>Diferente de um processo psicoterapêutico de longa duração, o plantão se estrutura como um encontro único (ou, no máximo, em 3 encontros), com foco na necessidade imediata da pessoa atendida, seja ela uma crise emocional, um conflito pessoal, uma dificuldade acadêmica ou uma demanda de orientação e apoio.</p>



<p>Como funcionará o atendimento?</p>



<p><strong>Custo: totalmente gratuito</strong></p>



<p>Dúvidas e informações: <strong>consultasterapeuticasufmg@gmail.com</strong></p>



<p><strong>Faculdade de Direito/UFMG</strong> &#8211; Na sala 512 (localizada no prédio da pós);</p>



<p><strong>Faculdade de Arquitetura/UFMG</strong> &#8211; Na sala 108 (localizada após a portaria): Quintas-feiras: 17h às 19h;</p>



<p><strong>ICEX (Instituto de Ciências Exatas)/ UFMG </strong>&#8211; Na ⁠Sala 4043 (corredor dos gabinetes): terças-feiras e quartas-feiras, das 17h às 20h / Na Sala 4043: quintas-feiras das 9h às 12h, e 18h às 21h;</p>



<p><strong>VETERINÁRIA/UFMG</strong> &#8211; Sextas-feiras, de 08h às 11h &#8211; Sala PRO NAVE / Comissão de Bem com a Vida;</p>



<p><strong>EEFFTO/UFMG</strong> &#8211; Na Sala 2006 &#8211; quartas-feiras de 17h às 19h / Na Sala de Reuniões Bloco A (sala 3018) &#8211; segundas-feiras de 8h às 11h,  quartas-feiras de 17h às 20h;</p>



<p><strong>EBA (Escola de Belas Artes)/UFMG</strong> &#8211; No 2º andar &#8211; Quartas-feiras de 17h às 19h;</p>



<p><strong>FAFICH (CEAP)/UFMG</strong> &#8211; Na sala 2022 &#8211; Quartas-feiras de 8h às 11h</p>



<p>Este projeto reafirma o compromisso da UFMG em promover um espaço de escuta empática, ética e sigilosa, em que cada pessoa possa ser reconhecida em sua singularidade. Mais do que um serviço clínico, trata-se de uma ação de cuidado e responsabilidade social, que busca fortalecer vínculos e oferecer suporte àqueles que vivenciam os desafios cotidianos da vida acadêmica e profissional.</p>



<p></p>



<p></p>

<p>A Consulta Terapêutica é uma modalidade de atendimento clínico breve, acolhedor e de caráter emergencial. Trata-se de um espaço de escuta imediata, sem necessidade de [&#8230;]</p>
