{"id":3297,"date":"2022-03-24T15:07:14","date_gmt":"2022-03-24T18:07:14","guid":{"rendered":"https:\/\/grad.eba.ufmg.br\/caad\/?page_id=3297"},"modified":"2025-10-30T15:59:24","modified_gmt":"2025-10-30T18:59:24","slug":"projetolaboratorial","status":"publish","type":"page","link":"https:\/\/grad.eba.ufmg.br\/caad\/index.php\/projetolaboratorial\/","title":{"rendered":"Colabora\u00e7\u00e3o em projeto laboratorial"},"content":{"rendered":"\n<p>Colabora\u00e7\u00e3o em projeto laboratorial refere-se a atividades que o(a)s estudantes desempenham atividade de car\u00e1ter volunt\u00e1rio e colaborativo em projetos realizados por colegas nas atividades  acad\u00eamicas curriculares, Pr\u00e9-produ\u00e7\u00e3o para anima\u00e7\u00e3o e Laborat\u00f3rio de Cinema de Anima\u00e7\u00e3o e Artes Digitais (I, II ou III). <\/p>\n\n\n\n<p>Para participar o(a) estudante dever\u00e1 procurar colegas e ou equipes que estejam desenvolvendo projetos no contexto dessas atividades acad\u00eamicas.  <\/p>\n\n\n\n<p>Para cada participa\u00e7\u00e3o, o(s) professor(es) respons\u00e1vel(is) pelas orienta\u00e7\u00f5es dos projetos poder\u00e3o atribuir para o estudante volunt\u00e1rio de 1 (um) a 4 (quatro) cr\u00e9ditos em Colabora\u00e7\u00e3o em projeto laboratorial no grupo de optativas gerais.<\/p>\n\n\n\n<p>Formul\u00e1rio de <a href=\"https:\/\/docs.google.com\/document\/d\/1xWLwKmQkjzQs718whsjLI5wCKHPR3fihGZ5y-ohQPVc\/edit?usp=drive_link\" target=\"_blank\" rel=\"noreferrer noopener\"><strong>COLABORA\u00c7\u00c3O EM PROJETO LABORATORIA<\/strong>L<\/a><\/p>\n\n\n\n<p> <\/p>\n","protected":false},"excerpt":{"rendered":"<p>Colabora\u00e7\u00e3o em projeto laboratorial refere-se a atividades que o(a)s estudantes desempenham atividade de car\u00e1ter volunt\u00e1rio e colaborativo em projetos realizados por colegas nas atividades acad\u00eamicas [&#8230;]<\/p>\n","protected":false},"author":1,"featured_media":0,"parent":0,"menu_order":0,"comment_status":"closed","ping_status":"closed","template":"","meta":{"footnotes":""},"class_list":["post-3297","page","type-page","status-publish","hentry"],"_links":{"self":[{"href":"https:\/\/grad.eba.ufmg.br\/caad\/index.php\/wp-json\/wp\/v2\/pages\/3297","targetHints":{"allow":["GET"]}}],"collection":[{"href":"https:\/\/grad.eba.ufmg.br\/caad\/index.php\/wp-json\/wp\/v2\/pages"}],"about":[{"href":"https:\/\/grad.eba.ufmg.br\/caad\/index.php\/wp-json\/wp\/v2\/types\/page"}],"author":[{"embeddable":true,"href":"https:\/\/grad.eba.ufmg.br\/caad\/index.php\/wp-json\/wp\/v2\/users\/1"}],"replies":[{"embeddable":true,"href":"https:\/\/grad.eba.ufmg.br\/caad\/index.php\/wp-json\/wp\/v2\/comments?post=3297"}],"version-history":[{"count":7,"href":"https:\/\/grad.eba.ufmg.br\/caad\/index.php\/wp-json\/wp\/v2\/pages\/3297\/revisions"}],"predecessor-version":[{"id":7458,"href":"https:\/\/grad.eba.ufmg.br\/caad\/index.php\/wp-json\/wp\/v2\/pages\/3297\/revisions\/7458"}],"wp:attachment":[{"href":"https:\/\/grad.eba.ufmg.br\/caad\/index.php\/wp-json\/wp\/v2\/media?parent=3297"}],"curies":[{"name":"wp","href":"https:\/\/api.w.org\/{rel}","templated":true}]}}