{"id":1888,"date":"2021-03-23T16:02:32","date_gmt":"2021-03-23T19:02:32","guid":{"rendered":"https:\/\/www.eba.ufmg.br\/caad\/?page_id=1888"},"modified":"2025-12-03T09:42:12","modified_gmt":"2025-12-03T12:42:12","slug":"fca","status":"publish","type":"page","link":"https:\/\/grad.eba.ufmg.br\/caad\/index.php\/fca\/","title":{"rendered":"Forma\u00e7\u00e3o Complementar Aberta &#8211; FCA"},"content":{"rendered":"\n<p>Para o(a) estudante do CAAD que deseja fazer o N\u00facleo Complementar, percurso 2 do CAAD, ele dever\u00e1 escolher atividades de outros cursos que integralizem uma tem\u00e1tica coerente ao seu desejo de forma\u00e7\u00e3o complementar. Por exemplo, caso queira uma forma\u00e7\u00e3o complementar que desenvolva habilidades em <em>atua\u00e7\u00e3o de personagem<\/em>, neste caso o(a) estudante dever\u00e1 procurar atividades de atua\u00e7\u00e3o no curso de Teatro, desenho de figura humana nas Artes Visuais, etc.<\/p>\n\n\n\n<p><strong>Os procedimentos para solicitar FCA em outros cursos deve ocorrer da seguinte maneira:<\/strong><\/p>\n\n\n\n<p><strong>1 &#8211; <\/strong>O estudante deve pesquisar as atividades acad\u00eamicas de outros cursos que s\u00e3o do seu interesse;<\/p>\n\n\n\n<p><strong>2 &#8211; <\/strong>Dever\u00e1 preencher o formul\u00e1rio de forma\u00e7\u00e3o complementar do curso ofertante (todo curso tem um formul\u00e1rio pr\u00f3prio, pesquise na p\u00e1gina do curso);<\/p>\n\n\n\n<p><strong>3 &#8211; <\/strong>De posse o formul\u00e1rio preenchido, o estudante deve procurar o coordenador do CAAD para alinhar sobre as atividades escolhidas e a justificativa;<\/p>\n\n\n\n<p><strong>4 &#8211; <\/strong>Feito os procedimentos acima, o estudante dever\u00e1 encaminhar o formul\u00e1rio, assinado pelo coordenador do CAAD, para o curso ofertante para que o coordenador analise e aprove ou reprove o pedido;<\/p>\n\n\n\n<p><strong>5 &#8211;<\/strong> Aprovado pelo coordenador do curso ofertante, na terceira fase de matricula, o colegiado do CAAD dever\u00e1 matricular o aluno nas atividades solicitadas mediante a abertura de vagas do curso ofertante.<\/p>\n\n\n\n<p><strong>OBS:<\/strong> <em>Sugere-se que o estudante envie um e-mail para os dois cursos lembrando da efetiva\u00e7\u00e3o da matricula.<\/em><\/p>\n\n\n\n<p><\/p>\n\n\n\n<p>No link abaixo segue o formul\u00e1rio de FCA para estudantes de outros cursos.<\/p>\n\n\n\n<p><strong><a href=\"https:\/\/drive.google.com\/file\/d\/1m3_s0F_GdtFdckf5t9Ov4xTvC3VrJAxv\/view?usp=sharing\" target=\"_blank\" rel=\"noreferrer noopener\">REQUERIMENTO DE FORMA\u00c7\u00c3O COMPLEMENTAR NO CAAD<\/a><\/strong><\/p>\n","protected":false},"excerpt":{"rendered":"<p>Para o(a) estudante do CAAD que deseja fazer o N\u00facleo Complementar, percurso 2 do CAAD, ele dever\u00e1 escolher atividades de outros cursos que integralizem uma [&#8230;]<\/p>\n","protected":false},"author":1,"featured_media":0,"parent":0,"menu_order":0,"comment_status":"closed","ping_status":"closed","template":"","meta":{"footnotes":""},"class_list":["post-1888","page","type-page","status-publish","hentry"],"_links":{"self":[{"href":"https:\/\/grad.eba.ufmg.br\/caad\/index.php\/wp-json\/wp\/v2\/pages\/1888","targetHints":{"allow":["GET"]}}],"collection":[{"href":"https:\/\/grad.eba.ufmg.br\/caad\/index.php\/wp-json\/wp\/v2\/pages"}],"about":[{"href":"https:\/\/grad.eba.ufmg.br\/caad\/index.php\/wp-json\/wp\/v2\/types\/page"}],"author":[{"embeddable":true,"href":"https:\/\/grad.eba.ufmg.br\/caad\/index.php\/wp-json\/wp\/v2\/users\/1"}],"replies":[{"embeddable":true,"href":"https:\/\/grad.eba.ufmg.br\/caad\/index.php\/wp-json\/wp\/v2\/comments?post=1888"}],"version-history":[{"count":8,"href":"https:\/\/grad.eba.ufmg.br\/caad\/index.php\/wp-json\/wp\/v2\/pages\/1888\/revisions"}],"predecessor-version":[{"id":7485,"href":"https:\/\/grad.eba.ufmg.br\/caad\/index.php\/wp-json\/wp\/v2\/pages\/1888\/revisions\/7485"}],"wp:attachment":[{"href":"https:\/\/grad.eba.ufmg.br\/caad\/index.php\/wp-json\/wp\/v2\/media?parent=1888"}],"curies":[{"name":"wp","href":"https:\/\/api.w.org\/{rel}","templated":true}]}}