{"id":973,"date":"2024-05-24T13:56:59","date_gmt":"2024-05-24T16:56:59","guid":{"rendered":"https:\/\/grad.eba.ufmg.br\/artesvisuais\/?page_id=973"},"modified":"2024-11-08T14:09:37","modified_gmt":"2024-11-08T17:09:37","slug":"legislacao","status":"publish","type":"page","link":"https:\/\/grad.eba.ufmg.br\/artesvisuais\/index.php\/legislacao\/","title":{"rendered":"Legisla\u00e7\u00e3o"},"content":{"rendered":"\n<div class=\"wp-block-group is-vertical is-layout-flex wp-container-core-group-is-layout-8cf370e7 wp-block-group-is-layout-flex\">\n<p class=\"small-caps\">Documentos gerais da UFMG<\/p>\n\n\n\n<div class=\"wp-block-group yuri-cl is-layout-flex wp-block-group-is-layout-flex\">\n<p><a href=\"https:\/\/www2.ufmg.br\/sods\/Sods\/Sobre-a-UFMG\/Estatuto\" target=\"_blank\" rel=\"noreferrer noopener\">Estatuto da UFMG<\/a><\/p>\n\n\n\n<p><a href=\"https:\/\/www2.ufmg.br\/sods\/Sods\/Sobre-a-UFMG\/Regimento-Geral\" target=\"_blank\" rel=\"noreferrer noopener\">Regimento Geral da UFMG<\/a><\/p>\n\n\n\n<p><a href=\"https:\/\/grad.eba.ufmg.br\/artesvisuais\/wp-content\/uploads\/2024\/06\/Normas-Gerais-de-Graduacao-2018.pdf\" data-type=\"attachment\" data-id=\"1358\" target=\"_blank\" rel=\"noreferrer noopener\">Normas Gerais de Gradua\u00e7\u00e3o<\/a><\/p>\n\n\n\n<p><a href=\"https:\/\/ufmg.br\/vida-academica\/regras-academicas\" target=\"_blank\" rel=\"noreferrer noopener\">Regras Acad\u00eamicas<\/a><\/p>\n\n\n\n<p><a href=\"https:\/\/grad.eba.ufmg.br\/artesvisuais\/wp-content\/uploads\/2024\/07\/Resolucao-01-2018-CEPE.pdf\" target=\"_blank\" rel=\"noreferrer noopener\">Resolu\u00e7\u00e3o N\u00ba 01\/2018 (Regulamenta o processo de matr\u00edcula \u2013 CEPE)<\/a> <\/p>\n\n\n\n<p><a href=\"https:\/\/grad.eba.ufmg.br\/artesvisuais\/wp-content\/uploads\/2024\/08\/Resolucao-04-2022-CEPE.pdf\" target=\"_blank\" rel=\"noreferrer noopener\">Resolu\u00e7\u00e3o N\u00ba 04\/2022 (Revoga a Resolu\u00e7\u00e3o N\u00ba 01\/2022 \u2013 CEPE)<\/a><\/p>\n\n\n\n<p><a href=\"https:\/\/grad.eba.ufmg.br\/artesvisuais\/wp-content\/uploads\/2024\/06\/Resolucao-01-2023.pdf\" target=\"_blank\" rel=\"noreferrer noopener\">Resolu\u00e7\u00e3o N\u00ba 01\/2023 (Regime Acad\u00eamico Especial para Perman\u00eancia \u2013 RAEP)<\/a><\/p>\n<\/div>\n<\/div>\n\n\n\n<div style=\"height:20px\" aria-hidden=\"true\" class=\"wp-block-spacer\"><\/div>\n\n\n\n<div class=\"wp-block-group is-vertical is-layout-flex wp-container-core-group-is-layout-8cf370e7 wp-block-group-is-layout-flex\">\n<p class=\"small-caps\">Documentos do Colegiado de Gradua\u00e7\u00e3o em Artes Visuais<\/p>\n\n\n\n<div class=\"wp-block-group yuri-cl is-horizontal is-layout-flex wp-block-group-is-layout-flex\">\n<p><a href=\"https:\/\/grad.eba.ufmg.br\/artesvisuais\/wp-content\/uploads\/2024\/06\/PPC-ARTESVISUAIS-2019.pdf\" target=\"_blank\" rel=\"noreferrer noopener\">Programa Pedag\u00f3gico do Curso<\/a><\/p>\n\n\n\n<p><a href=\"https:\/\/grad.eba.ufmg.br\/artesvisuais\/wp-content\/uploads\/2024\/11\/Resolucao-01-2013.pdf\" data-type=\"link\" data-id=\"https:\/\/grad.eba.ufmg.br\/artesvisuais\/wp-content\/uploads\/2024\/11\/Resolucao-01-2013.pdf\" target=\"_blank\" rel=\"noreferrer noopener\">Resolu\u00e7\u00e3o N\u00ba 01\/2023 (NDE)<\/a><\/p>\n\n\n\n<p><a href=\"https:\/\/grad.eba.ufmg.br\/artesvisuais\/wp-content\/uploads\/2024\/06\/Resolucao-02-2016.pdf\" target=\"_blank\" rel=\"noreferrer noopener\">Resolu\u00e7\u00e3o N\u00ba 02\/2016 (Trabalho de Conclus\u00e3o de Curso)<\/a><\/p>\n\n\n\n<p><a href=\"https:\/\/grad.eba.ufmg.br\/artesvisuais\/wp-content\/uploads\/2024\/06\/Resolucao-01-2017.pdf\" target=\"_blank\" rel=\"noreferrer noopener\">Resolu\u00e7\u00e3o N\u00ba01\/2017 (Atividades Extracurriculares)<\/a><\/p>\n<\/div>\n<\/div>\n","protected":false},"excerpt":{"rendered":"<p>Documentos gerais da UFMG Estatuto da UFMG Regimento Geral da UFMG Normas Gerais de Gradua\u00e7\u00e3o Regras Acad\u00eamicas Resolu\u00e7\u00e3o N\u00ba 01\/2018 (Regulamenta o processo de matr\u00edcula \u2013 CEPE) Resolu\u00e7\u00e3o N\u00ba 04\/2022 (Revoga a Resolu\u00e7\u00e3o N\u00ba 01\/2022 \u2013 CEPE) Resolu\u00e7\u00e3o N\u00ba 01\/2023 (Regime Acad\u00eamico Especial para Perman\u00eancia \u2013 RAEP) Documentos do Colegiado de Gradua\u00e7\u00e3o em Artes Visuais &hellip; <\/p>\n<p class=\"link-more\"><a href=\"https:\/\/grad.eba.ufmg.br\/artesvisuais\/index.php\/legislacao\/\" class=\"more-link\">Continue lendo<span class=\"screen-reader-text\"> &#8220;Legisla\u00e7\u00e3o&#8221;<\/span><\/a><\/p>\n","protected":false},"author":1,"featured_media":0,"parent":0,"menu_order":0,"comment_status":"closed","ping_status":"closed","template":"","meta":{"footnotes":""},"class_list":["post-973","page","type-page","status-publish","hentry"],"_links":{"self":[{"href":"https:\/\/grad.eba.ufmg.br\/artesvisuais\/index.php\/wp-json\/wp\/v2\/pages\/973","targetHints":{"allow":["GET"]}}],"collection":[{"href":"https:\/\/grad.eba.ufmg.br\/artesvisuais\/index.php\/wp-json\/wp\/v2\/pages"}],"about":[{"href":"https:\/\/grad.eba.ufmg.br\/artesvisuais\/index.php\/wp-json\/wp\/v2\/types\/page"}],"author":[{"embeddable":true,"href":"https:\/\/grad.eba.ufmg.br\/artesvisuais\/index.php\/wp-json\/wp\/v2\/users\/1"}],"replies":[{"embeddable":true,"href":"https:\/\/grad.eba.ufmg.br\/artesvisuais\/index.php\/wp-json\/wp\/v2\/comments?post=973"}],"version-history":[{"count":23,"href":"https:\/\/grad.eba.ufmg.br\/artesvisuais\/index.php\/wp-json\/wp\/v2\/pages\/973\/revisions"}],"predecessor-version":[{"id":1797,"href":"https:\/\/grad.eba.ufmg.br\/artesvisuais\/index.php\/wp-json\/wp\/v2\/pages\/973\/revisions\/1797"}],"wp:attachment":[{"href":"https:\/\/grad.eba.ufmg.br\/artesvisuais\/index.php\/wp-json\/wp\/v2\/media?parent=973"}],"curies":[{"name":"wp","href":"https:\/\/api.w.org\/{rel}","templated":true}]}}