{"id":1686,"date":"2024-10-08T14:40:09","date_gmt":"2024-10-08T17:40:09","guid":{"rendered":"https:\/\/grad.eba.ufmg.br\/artesvisuais\/?page_id=1686"},"modified":"2024-11-07T15:23:41","modified_gmt":"2024-11-07T18:23:41","slug":"pagina-inicial","status":"publish","type":"page","link":"https:\/\/grad.eba.ufmg.br\/artesvisuais\/","title":{"rendered":"In\u00edcio"},"content":{"rendered":"\n<div class=\"wp-block-group is-vertical is-layout-flex wp-container-core-group-is-layout-8cf370e7 wp-block-group-is-layout-flex\">\n<details class=\"wp-block-details is-layout-flow wp-block-details-is-layout-flow\"><summary>Carteirinhas de estudantes dispon\u00edveis (atualizado em 07\/11\/2024)<\/summary>\n<div style=\"height:10px\" aria-hidden=\"true\" class=\"wp-block-spacer\"><\/div>\n\n\n\n<p class=\"yuri-cl\">Qualquer d\u00favida com rela\u00e7\u00e3o ao processo de solicita\u00e7\u00e3o\/emiss\u00e3o, acesse a p\u00e1gina: <a href=\"https:\/\/www.ufmg.br\/viverufmg\/primeiros-passos\/carteira-da-ufmg\/\" target=\"_blank\" rel=\"noreferrer noopener\">Carteira da UFMG<\/a>.<\/p>\n\n\n\n<p style=\"line-height:0.8\"><strong>Carteirinhas dispon\u00edveis para retirada*<\/strong>:<br><sub>*Esta lista ser\u00e1 atualizada imediatamente, sempre que recebermos um novo lote.<\/sub><\/p>\n\n\n\n<p>ANA CRISTINA TORRES AMORIM<br>BARBARA BOMFIM COSTA<br>BARBARA CARDOSO BARBOSA<br>GABRIEL MARCO DE SOUZA LISBOA<br>HENRIQUE CASTRO TEIXEIRA<br>IZADORA MEDINA OLIVEIRA<br>JADE LISSA CANDIDO SILVA<br>KYARA GABRIELA FERNANDES MONTALVAO<br>LIVIA DE SOUZA GON\u00c7ALVES<br>LUCAS SOARES GAMBERA DE SOUZA<br>MARIA EDUARDA SIMOES E SOUSA<br>VICTOR GOMES DE PAULA<br>YASMIN PALOMA RODRIGUES<\/p>\n<\/details>\n\n\n\n<details class=\"wp-block-details is-layout-flow wp-block-details-is-layout-flow\"><summary>Perguntas frequentes<\/summary>\n<div style=\"height:10px\" aria-hidden=\"true\" class=\"wp-block-spacer\"><\/div>\n\n\n\n<p><strong>P:<\/strong> Como posso encontrar os conte\u00fados pelo site?<br><strong>R:<\/strong> Dividimos as p\u00e1ginas em tr\u00eas principais blocos: <strong>curso<\/strong>, <strong>institucional<\/strong> e <strong>vida acad\u00eamica<\/strong>, de modo a facilitar a distribui\u00e7\u00e3o do conte\u00fado pelo site. Em <strong>curso<\/strong> \u00e9 poss\u00edvel encontrar as principais informa\u00e7\u00f5es que estruturam o curso de Artes Visuais; em <strong>institucional<\/strong> encontram-se documentos e representa\u00e7\u00f5es do curso; e em <strong>vida acad\u00eamica<\/strong> est\u00e3o informa\u00e7\u00f5es relativas ao percurso do estudante dentro do curso.<\/p>\n\n\n\n<p class=\"yuri-cl\"><strong>P:<\/strong> Como fa\u00e7o para ingressar no curso de Artes Visuais?<br><strong>R:<\/strong> O processo \u00e9 realizado atrav\u00e9s do Vestibular de Habilidades, elaborado pela Comiss\u00e3o Permanente do Vestibular (<a href=\"https:\/\/www.ufmg.br\/copeve\/site_novo\/?pagina=1\" target=\"_blank\" rel=\"noreferrer noopener\">Copeve<\/a>).<\/p>\n\n\n\n<p class=\"yuri-cl\"><strong>P:<\/strong> Tenho muitas d\u00favidas sobre o curso\/meu percurso\/minha vida acad\u00eamica, como posso buscar orienta\u00e7\u00e3o?<br><strong>R:<\/strong> A Coordena\u00e7\u00e3o do Colegiado oferece atendimento ao p\u00fablico, mediante o agendamento pr\u00e9vio. Para mais informa\u00e7\u00f5es, confira: <a href=\"https:\/\/grad.eba.ufmg.br\/artesvisuais\/index.php\/colegiado\/#atendimento\" target=\"_blank\" rel=\"noreferrer noopener\">Atendimento \u2013 Coordena\u00e7\u00e3o<\/a>.<\/p>\n<\/details>\n\n\n\n<div aria-hidden=\"true\" class=\"wp-block-spacer\"><\/div>\n\n\n\n<p>Datas importantes relativas ao curso de Artes Visuais:<\/p>\n\n\n\n<p class=\"yuri-cl has-small-font-size\">Obs.: esta agenda <strong>n\u00e3o diz respeito<\/strong> \u00e0s datas do <a href=\"https:\/\/ufmg.br\/a-universidade\/calendario-academico\" data-type=\"link\" data-id=\"https:\/\/ufmg.br\/a-universidade\/calendario-academico\" target=\"_blank\" rel=\"noreferrer noopener\">Calend\u00e1rio Acad\u00eamico<\/a> da UFMG.<\/p>\n\n\n\n<iframe loading=\"lazy\" src=\"https:\/\/calendar.google.com\/calendar\/embed?height=600&#038;wkst=1&#038;ctz=America%2FSao_Paulo&#038;showPrint=0&#038;src=NzI5ZmM1ZjZhY2U4OTFiNzkxYjY5NTEwNWYwNDllNTFhZDhhNjU0YjM2ZmFlNDAzMTczMjg4ODBjMmI0ODk2NkBncm91cC5jYWxlbmRhci5nb29nbGUuY29t&#038;color=%239E69AF\" style=\"border-width:0; border-radius:30px\" width=\"600\" height=\"500\" frameborder=\"0\" scrolling=\"no\"><\/iframe>\n<\/div>\n","protected":false},"excerpt":{"rendered":"<p>Datas importantes relativas ao curso de Artes Visuais: Obs.: esta agenda n\u00e3o diz respeito \u00e0s datas do Calend\u00e1rio Acad\u00eamico da UFMG.<\/p>\n","protected":false},"author":1,"featured_media":0,"parent":0,"menu_order":0,"comment_status":"closed","ping_status":"closed","template":"","meta":{"footnotes":""},"class_list":["post-1686","page","type-page","status-publish","hentry"],"_links":{"self":[{"href":"https:\/\/grad.eba.ufmg.br\/artesvisuais\/index.php\/wp-json\/wp\/v2\/pages\/1686","targetHints":{"allow":["GET"]}}],"collection":[{"href":"https:\/\/grad.eba.ufmg.br\/artesvisuais\/index.php\/wp-json\/wp\/v2\/pages"}],"about":[{"href":"https:\/\/grad.eba.ufmg.br\/artesvisuais\/index.php\/wp-json\/wp\/v2\/types\/page"}],"author":[{"embeddable":true,"href":"https:\/\/grad.eba.ufmg.br\/artesvisuais\/index.php\/wp-json\/wp\/v2\/users\/1"}],"replies":[{"embeddable":true,"href":"https:\/\/grad.eba.ufmg.br\/artesvisuais\/index.php\/wp-json\/wp\/v2\/comments?post=1686"}],"version-history":[{"count":28,"href":"https:\/\/grad.eba.ufmg.br\/artesvisuais\/index.php\/wp-json\/wp\/v2\/pages\/1686\/revisions"}],"predecessor-version":[{"id":1793,"href":"https:\/\/grad.eba.ufmg.br\/artesvisuais\/index.php\/wp-json\/wp\/v2\/pages\/1686\/revisions\/1793"}],"wp:attachment":[{"href":"https:\/\/grad.eba.ufmg.br\/artesvisuais\/index.php\/wp-json\/wp\/v2\/media?parent=1686"}],"curies":[{"name":"wp","href":"https:\/\/api.w.org\/{rel}","templated":true}]}}

Início

<div class="wp-block-group is-vertical is-layout-flex wp-container-core-group-is-layout-8cf370e7 wp-block-group-is-layout-flex">
<details class="wp-block-details is-layout-flow wp-block-details-is-layout-flow"><summary>Carteirinhas de estudantes disponíveis (atualizado em 07/11/2024)</summary>
<div style="height:10px" aria-hidden="true" class="wp-block-spacer"></div>



<p class="yuri-cl">Qualquer dúvida com relação ao processo de solicitação/emissão, acesse a página: <a href="https://www.ufmg.br/viverufmg/primeiros-passos/carteira-da-ufmg/" target="_blank" rel="noreferrer noopener">Carteira da UFMG</a>.</p>



<p style="line-height:0.8"><strong>Carteirinhas disponíveis para retirada*</strong>:<br><sub>*Esta lista será atualizada imediatamente, sempre que recebermos um novo lote.</sub></p>



<p>ANA CRISTINA TORRES AMORIM<br>BARBARA BOMFIM COSTA<br>BARBARA CARDOSO BARBOSA<br>GABRIEL MARCO DE SOUZA LISBOA<br>HENRIQUE CASTRO TEIXEIRA<br>IZADORA MEDINA OLIVEIRA<br>JADE LISSA CANDIDO SILVA<br>KYARA GABRIELA FERNANDES MONTALVAO<br>LIVIA DE SOUZA GONÇALVES<br>LUCAS SOARES GAMBERA DE SOUZA<br>MARIA EDUARDA SIMOES E SOUSA<br>VICTOR GOMES DE PAULA<br>YASMIN PALOMA RODRIGUES</p>
</details>



<details class="wp-block-details is-layout-flow wp-block-details-is-layout-flow"><summary>Perguntas frequentes</summary>
<div style="height:10px" aria-hidden="true" class="wp-block-spacer"></div>



<p><strong>P:</strong> Como posso encontrar os conteúdos pelo site?<br><strong>R:</strong> Dividimos as páginas em três principais blocos: <strong>curso</strong>, <strong>institucional</strong> e <strong>vida acadêmica</strong>, de modo a facilitar a distribuição do conteúdo pelo site. Em <strong>curso</strong> é possível encontrar as principais informações que estruturam o curso de Artes Visuais; em <strong>institucional</strong> encontram-se documentos e representações do curso; e em <strong>vida acadêmica</strong> estão informações relativas ao percurso do estudante dentro do curso.</p>



<p class="yuri-cl"><strong>P:</strong> Como faço para ingressar no curso de Artes Visuais?<br><strong>R:</strong> O processo é realizado através do Vestibular de Habilidades, elaborado pela Comissão Permanente do Vestibular (<a href="https://www.ufmg.br/copeve/site_novo/?pagina=1" target="_blank" rel="noreferrer noopener">Copeve</a>).</p>



<p class="yuri-cl"><strong>P:</strong> Tenho muitas dúvidas sobre o curso/meu percurso/minha vida acadêmica, como posso buscar orientação?<br><strong>R:</strong> A Coordenação do Colegiado oferece atendimento ao público, mediante o agendamento prévio. Para mais informações, confira: <a href="https://grad.eba.ufmg.br/artesvisuais/index.php/colegiado/#atendimento" target="_blank" rel="noreferrer noopener">Atendimento – Coordenação</a>.</p>
</details>



<div aria-hidden="true" class="wp-block-spacer"></div>



<p>Datas importantes relativas ao curso de Artes Visuais:</p>



<p class="yuri-cl has-small-font-size">Obs.: esta agenda <strong>não diz respeito</strong> às datas do <a href="https://ufmg.br/a-universidade/calendario-academico" data-type="link" data-id="https://ufmg.br/a-universidade/calendario-academico" target="_blank" rel="noreferrer noopener">Calendário Acadêmico</a> da UFMG.</p>



<iframe loading="lazy" src="https://calendar.google.com/calendar/embed?height=600&#038;wkst=1&#038;ctz=America%2FSao_Paulo&#038;showPrint=0&#038;src=NzI5ZmM1ZjZhY2U4OTFiNzkxYjY5NTEwNWYwNDllNTFhZDhhNjU0YjM2ZmFlNDAzMTczMjg4ODBjMmI0ODk2NkBncm91cC5jYWxlbmRhci5nb29nbGUuY29t&#038;color=%239E69AF" style="border-width:0; border-radius:30px" width="600" height="500" frameborder="0" scrolling="no"></iframe>
</div>

<p>Datas importantes relativas ao curso de Artes Visuais: Obs.: esta agenda não diz respeito às datas do Calendário Acadêmico da UFMG.</p>
