{"id":1119,"date":"2024-06-10T14:36:49","date_gmt":"2024-06-10T17:36:49","guid":{"rendered":"https:\/\/grad.eba.ufmg.br\/artesvisuais\/?page_id=1119"},"modified":"2024-10-04T16:13:28","modified_gmt":"2024-10-04T19:13:28","slug":"manuais-e-formularios","status":"publish","type":"page","link":"https:\/\/grad.eba.ufmg.br\/artesvisuais\/index.php\/manuais-e-formularios\/","title":{"rendered":"Manuais e Formul\u00e1rios"},"content":{"rendered":"\n<div class=\"wp-block-group is-vertical is-layout-flex wp-container-core-group-is-layout-8cf370e7 wp-block-group-is-layout-flex\">\n<p class=\"small-caps\">Comprovantes \u2013 Atividades Extracurriculares<\/p>\n\n\n\n<div class=\"wp-block-group yuri-cl is-layout-flex wp-block-group-is-layout-flex\">\n<p><a href=\"https:\/\/grad.eba.ufmg.br\/artesvisuais\/wp-content\/uploads\/2024\/07\/comprovante-de-realizacao-de-atividade-academica-a-distancia.pdf\" target=\"_blank\" rel=\"noreferrer noopener\">Atividade Acad\u00eamica \u00e0 Dist\u00e2ncia<\/a><\/p>\n\n\n\n<p><a href=\"https:\/\/grad.eba.ufmg.br\/artesvisuais\/wp-content\/uploads\/2024\/07\/comprovante-de-participacao-na-atividade-de-discussao-tematica.pdf\" target=\"_blank\" rel=\"noreferrer noopener\">Discuss\u00e3o Tem\u00e1tica<\/a><\/p>\n\n\n\n<p><a href=\"https:\/\/grad.eba.ufmg.br\/artesvisuais\/wp-content\/uploads\/2024\/07\/comprovante-de-participacao-na-atividade-estagio-curricular.pdf\" target=\"_blank\" rel=\"noreferrer noopener\">Est\u00e1gio Curricular<\/a><\/p>\n\n\n\n<p><a href=\"https:\/\/grad.eba.ufmg.br\/artesvisuais\/wp-content\/uploads\/2024\/07\/comprovante-de-participacao-na-atividade-de-iniciacao-a-pesquisa-docencia-e-extensao.pdf\" target=\"_blank\" rel=\"noreferrer noopener\">Inicia\u00e7\u00e3o \u00e0 Pesquisa, Doc\u00eancia e Extens\u00e3o<\/a><\/p>\n\n\n\n<p><a href=\"https:\/\/grad.eba.ufmg.br\/artesvisuais\/wp-content\/uploads\/2024\/07\/comprovante-de-participacao-ouvinte-banca.pdf\" target=\"_blank\" rel=\"noreferrer noopener\">Participa\u00e7\u00e3o como Ouvinte de Banca<\/a><\/p>\n\n\n\n<p><a href=\"https:\/\/grad.eba.ufmg.br\/artesvisuais\/wp-content\/uploads\/2024\/07\/dados-para-inclusao-de-creditos-na-atividade-participacao-em-eventos.pdf\" target=\"_blank\" rel=\"noreferrer noopener\">Participa\u00e7\u00e3o em Eventos<\/a><\/p>\n\n\n\n<p><a href=\"https:\/\/grad.eba.ufmg.br\/artesvisuais\/wp-content\/uploads\/2024\/07\/comprovante-de-participacao-na-atividade-seminarios.pdf\" target=\"_blank\" rel=\"noreferrer noopener\">Semin\u00e1rios<\/a><\/p>\n\n\n\n<p><a href=\"https:\/\/grad.eba.ufmg.br\/artesvisuais\/wp-content\/uploads\/2024\/07\/comprovante-de-participacao-na-atividade-visitas-orientadas.pdf\" target=\"_blank\" rel=\"noreferrer noopener\">Visitas Orientadas<\/a><\/p>\n\n\n\n<p><a href=\"https:\/\/grad.eba.ufmg.br\/artesvisuais\/wp-content\/uploads\/2024\/07\/comprovante-de-participacao-na-atividade-vivencia-profissional-complementar.pdf\" target=\"_blank\" rel=\"noreferrer noopener\">Viv\u00eancia Profissional Complementar<\/a><\/p>\n<\/div>\n<\/div>\n\n\n\n<div style=\"height:20px\" aria-hidden=\"true\" class=\"wp-block-spacer\"><\/div>\n\n\n\n<div class=\"wp-block-group is-vertical is-layout-flex wp-container-core-group-is-layout-8cf370e7 wp-block-group-is-layout-flex\">\n<p class=\"small-caps\">Formul\u00e1rios e requerimentos<\/p>\n\n\n\n<div class=\"wp-block-group yuri-cl is-layout-flex wp-block-group-is-layout-flex\">\n<p><a href=\"https:\/\/grad.eba.ufmg.br\/artesvisuais\/wp-content\/uploads\/2024\/07\/DRCA_Aproveitamento-de-Estudos.pdf\" target=\"_blank\" rel=\"noreferrer noopener\">Aproveitamento de estudos<\/a><\/p>\n\n\n\n<p><a href=\"https:\/\/grad.eba.ufmg.br\/artesvisuais\/wp-content\/uploads\/2024\/07\/Requerimento-de-mudanca-de-percurso.pdf\" target=\"_blank\" rel=\"noreferrer noopener\">Mudan\u00e7a de percurso curricular<\/a><\/p>\n\n\n\n<p><a href=\"https:\/\/grad.eba.ufmg.br\/artesvisuais\/wp-content\/uploads\/2024\/07\/FormularioRAEP_Estudante.docx\" target=\"_blank\" rel=\"noreferrer noopener\">Requerimento de Regime Acad\u00eamico Especial para Perman\u00eancia (RAEP)<\/a><\/p>\n\n\n\n<p><a href=\"https:\/\/grad.eba.ufmg.br\/artesvisuais\/wp-content\/uploads\/2024\/07\/Regime-Especial.pdf\" data-type=\"link\" data-id=\"https:\/\/grad.eba.ufmg.br\/artesvisuais\/wp-content\/uploads\/2024\/07\/Regime-Especial.pdf\" target=\"_blank\" rel=\"noreferrer noopener\">Requerimento de Regime Especial<\/a><\/p>\n\n\n\n<p><a href=\"https:\/\/grad.eba.ufmg.br\/artesvisuais\/wp-content\/uploads\/2024\/07\/Requerimento-e-Plano-de-Estudos-para-Revisao-de-Desligamento.pdf\" data-type=\"link\" data-id=\"https:\/\/grad.eba.ufmg.br\/artesvisuais\/wp-content\/uploads\/2024\/07\/Requerimento-e-Plano-de-Estudos-para-Revisao-de-Desligamento.pdf\" target=\"_blank\" rel=\"noreferrer noopener\">Requerimento e Plano de Estudos (revis\u00e3o de desligamento)<\/a><\/p>\n\n\n\n<p><a href=\"https:\/\/grad.eba.ufmg.br\/artesvisuais\/wp-content\/uploads\/2024\/10\/Requerimento-para-matricula-em-disciplinas-da-pos-graduacao.pdf\" data-type=\"link\" data-id=\"https:\/\/grad.eba.ufmg.br\/artesvisuais\/wp-content\/uploads\/2024\/10\/Requerimento-para-matricula-em-disciplinas-da-pos-graduacao.pdf\" target=\"_blank\" rel=\"noreferrer noopener\">Requerimento para matr\u00edcula em disciplinas da p\u00f3s-gradua\u00e7\u00e3o<\/a><\/p>\n<\/div>\n<\/div>\n\n\n\n<div style=\"height:20px\" aria-hidden=\"true\" class=\"wp-block-spacer\"><\/div>\n\n\n\n<div class=\"wp-block-group is-vertical is-layout-flex wp-container-core-group-is-layout-8cf370e7 wp-block-group-is-layout-flex\">\n<p class=\"small-caps\">Manuais e roteiros<\/p>\n\n\n\n<div class=\"wp-block-group yuri-cl is-layout-flex wp-block-group-is-layout-flex\">\n<p><a href=\"https:\/\/grad.eba.ufmg.br\/artesvisuais\/wp-content\/uploads\/2024\/07\/Manual-Aplicativo-SIGA.pdf\" target=\"_blank\" rel=\"noreferrer noopener\">Manual Aplicativo SIGA<\/a><\/p>\n\n\n\n<p><a href=\"https:\/\/grad.eba.ufmg.br\/artesvisuais\/wp-content\/uploads\/2024\/07\/Manual-Matricula-Estudante.pdf\" target=\"_blank\" rel=\"noreferrer noopener\">Manual Matr\u00edcula<\/a><\/p>\n\n\n\n<p><a href=\"https:\/\/grad.eba.ufmg.br\/artesvisuais\/wp-content\/uploads\/2024\/07\/Manual-Plano-de-Estudos-Estudante.pdf\" target=\"_blank\" rel=\"noreferrer noopener\">Manual Plano de Estudos<\/a><\/p>\n\n\n\n<p><a href=\"https:\/\/grad.eba.ufmg.br\/artesvisuais\/wp-content\/uploads\/2024\/07\/Perguntas-e-respostas-RAEP.pdf\" data-type=\"link\" data-id=\"https:\/\/grad.eba.ufmg.br\/artesvisuais\/wp-content\/uploads\/2024\/07\/Perguntas-e-respostas-RAEP.pdf\" target=\"_blank\" rel=\"noreferrer noopener\">Perguntas e respostas (RAEP)<\/a><\/p>\n\n\n\n<p><a href=\"https:\/\/grad.eba.ufmg.br\/artesvisuais\/wp-content\/uploads\/2024\/07\/Roteiro-para-emissao-de-historico-Estudante.pdf\" target=\"_blank\" rel=\"noreferrer noopener\">Roteiro para emiss\u00e3o de hist\u00f3rico<\/a><\/p>\n\n\n\n<p><a href=\"https:\/\/grad.eba.ufmg.br\/artesvisuais\/wp-content\/uploads\/2024\/07\/Roteiro-para-trancamento-parcial-Estudante.pdf\" target=\"_blank\" rel=\"noreferrer noopener\">Roteiro para trancamento parcial<\/a><\/p>\n\n\n\n<p><a href=\"https:\/\/grad.eba.ufmg.br\/artesvisuais\/wp-content\/uploads\/2024\/07\/Roteiro-para-desistencia-formal-Estudante.pdf\" target=\"_blank\" rel=\"noreferrer noopener\">Roteiro para desist\u00eancia formal<\/a><\/p>\n\n\n\n<p><a href=\"https:\/\/grad.eba.ufmg.br\/artesvisuais\/wp-content\/uploads\/2024\/07\/Roteiro-para-revisao-de-desligamento-Estudante.pdf\" target=\"_blank\" rel=\"noreferrer noopener\">Roteiro para revis\u00e3o de desligamento<\/a><\/p>\n<\/div>\n<\/div>\n","protected":false},"excerpt":{"rendered":"<p>Comprovantes \u2013 Atividades Extracurriculares Atividade Acad\u00eamica \u00e0 Dist\u00e2ncia Discuss\u00e3o Tem\u00e1tica Est\u00e1gio Curricular Inicia\u00e7\u00e3o \u00e0 Pesquisa, Doc\u00eancia e Extens\u00e3o Participa\u00e7\u00e3o como Ouvinte de Banca Participa\u00e7\u00e3o em Eventos Semin\u00e1rios Visitas Orientadas Viv\u00eancia Profissional Complementar Formul\u00e1rios e requerimentos Aproveitamento de estudos Mudan\u00e7a de percurso curricular Requerimento de Regime Acad\u00eamico Especial para Perman\u00eancia (RAEP) Requerimento de Regime Especial Requerimento &hellip; <\/p>\n<p class=\"link-more\"><a href=\"https:\/\/grad.eba.ufmg.br\/artesvisuais\/index.php\/manuais-e-formularios\/\" class=\"more-link\">Continue lendo<span class=\"screen-reader-text\"> &#8220;Manuais e Formul\u00e1rios&#8221;<\/span><\/a><\/p>\n","protected":false},"author":1,"featured_media":0,"parent":0,"menu_order":0,"comment_status":"closed","ping_status":"closed","template":"","meta":{"footnotes":""},"class_list":["post-1119","page","type-page","status-publish","hentry"],"_links":{"self":[{"href":"https:\/\/grad.eba.ufmg.br\/artesvisuais\/index.php\/wp-json\/wp\/v2\/pages\/1119","targetHints":{"allow":["GET"]}}],"collection":[{"href":"https:\/\/grad.eba.ufmg.br\/artesvisuais\/index.php\/wp-json\/wp\/v2\/pages"}],"about":[{"href":"https:\/\/grad.eba.ufmg.br\/artesvisuais\/index.php\/wp-json\/wp\/v2\/types\/page"}],"author":[{"embeddable":true,"href":"https:\/\/grad.eba.ufmg.br\/artesvisuais\/index.php\/wp-json\/wp\/v2\/users\/1"}],"replies":[{"embeddable":true,"href":"https:\/\/grad.eba.ufmg.br\/artesvisuais\/index.php\/wp-json\/wp\/v2\/comments?post=1119"}],"version-history":[{"count":15,"href":"https:\/\/grad.eba.ufmg.br\/artesvisuais\/index.php\/wp-json\/wp\/v2\/pages\/1119\/revisions"}],"predecessor-version":[{"id":1764,"href":"https:\/\/grad.eba.ufmg.br\/artesvisuais\/index.php\/wp-json\/wp\/v2\/pages\/1119\/revisions\/1764"}],"wp:attachment":[{"href":"https:\/\/grad.eba.ufmg.br\/artesvisuais\/index.php\/wp-json\/wp\/v2\/media?parent=1119"}],"curies":[{"name":"wp","href":"https:\/\/api.w.org\/{rel}","templated":true}]}}